{"id":4894,"date":"2025-03-01T00:20:08","date_gmt":"2025-03-01T00:20:08","guid":{"rendered":"https:\/\/sbgames.org\/sbgames2025\/?page_id=4894"},"modified":"2025-09-11T21:03:20","modified_gmt":"2025-09-11T21:03:20","slug":"forum-de-ensino-de-jogos-digitais","status":"publish","type":"page","link":"https:\/\/sbgames.org\/sbgames2025\/forum-de-ensino-de-jogos-digitais\/","title":{"rendered":"Forum de Ensino de Jogos Digitais"},"content":{"rendered":"\t\t<div data-elementor-type=\"wp-page\" data-elementor-id=\"4894\" class=\"elementor elementor-4894\">\n\t\t\t\t<div class=\"elementor-element elementor-element-979ad64 e-con-full e-flex e-con e-parent\" data-id=\"979ad64\" data-element_type=\"container\" data-settings=\"{&quot;background_background&quot;:&quot;classic&quot;}\">\n\t\t\t\t<div class=\"elementor-element elementor-element-c97ec4b elementor-widget elementor-widget-heading\" data-id=\"c97ec4b\" data-element_type=\"widget\" data-widget_type=\"heading.default\">\n\t\t\t\t<div class=\"elementor-widget-container\">\n\t\t\t\t\t<h2 class=\"elementor-heading-title elementor-size-default\">Forum de Ensino de Jogos Digitais<\/h2>\t\t\t\t<\/div>\n\t\t\t\t<\/div>\n\t\t<div class=\"elementor-element elementor-element-76fdb6e e-flex e-con-boxed e-con e-child\" data-id=\"76fdb6e\" data-element_type=\"container\" data-settings=\"{&quot;background_background&quot;:&quot;classic&quot;}\">\n\t\t\t\t\t<div class=\"e-con-inner\">\n\t\t\t\t<div class=\"elementor-element elementor-element-b25938e elementor-widget elementor-widget-heading\" data-id=\"b25938e\" data-element_type=\"widget\" data-widget_type=\"heading.default\">\n\t\t\t\t<div class=\"elementor-widget-container\">\n\t\t\t\t\t<h4 class=\"elementor-heading-title elementor-size-default\">Data da realiza\u00e7\u00e3o do F\u00f3rum: 24\/09\/2025, online, pelo canal do SBGames no YouTube.<\/h4>\t\t\t\t<\/div>\n\t\t\t\t<\/div>\n\t\t\t\t\t<\/div>\n\t\t\t\t<\/div>\n\t\t<div class=\"elementor-element elementor-element-71a14b8 e-flex e-con-boxed e-con e-child\" data-id=\"71a14b8\" data-element_type=\"container\">\n\t\t\t\t\t<div class=\"e-con-inner\">\n\t\t<div class=\"elementor-element elementor-element-41558a6 e-flex e-con-boxed e-con e-child\" data-id=\"41558a6\" data-element_type=\"container\">\n\t\t\t\t\t<div class=\"e-con-inner\">\n\t\t\t\t<div class=\"elementor-element elementor-element-54fdb6c elementor-widget elementor-widget-text-editor\" data-id=\"54fdb6c\" data-element_type=\"widget\" data-widget_type=\"text-editor.default\">\n\t\t\t\t<div class=\"elementor-widget-container\">\n\t\t\t\t\t\t\t\t\t<p><span style=\"font-weight: 400;\">O F\u00f3rum de Ensino de Jogos Digitais \u00e9 uma atividade do SBGames dedicada ao fomento de discuss\u00f5es sobre a forma\u00e7\u00e3o de profissionais para a \u00e1rea de desenvolvimento de jogos digitais no Brasil.<\/span><\/p><p><span style=\"font-weight: 400;\">Trata-se de um espa\u00e7o aberto a docentes, pesquisadores, alunos, profissionais e demais interessados no tema que apresentam e trocam experi\u00eancias sobre as diversas modalidades de ensino, o que inclui, mas n\u00e3o se limita, a gradua\u00e7\u00e3o e a p\u00f3s-gradua\u00e7\u00e3o.<\/span><\/p><p><span style=\"font-weight: 400;\">Neste ano comemoramos dez edi\u00e7\u00f5es do evento. J\u00e1 pudemos contar com a participa\u00e7\u00e3o de docentes, pesquisadores e profissionais do setor de diversas institui\u00e7\u00f5es de ensino e pesquisa, bem como de est\u00fadios brasileiros, outras empresas do setor e entidades representativas, contribuindo para a consolida\u00e7\u00e3o do F\u00f3rum de Ensino de Jogos Digitais como um importante espa\u00e7o de discuss\u00e3o das quest\u00f5es relacionadas \u00e0 forma\u00e7\u00e3o de profissionais para o setor.<\/span><\/p><h2><span style=\"color: #e71d73;\"><b>Programa\u00e7\u00e3o<\/b><\/span><\/h2><p><span style=\"font-weight: 400;\">A programa\u00e7\u00e3o das v\u00e1rias edi\u00e7\u00f5es do F\u00f3rum tem sido elaborada com a participa\u00e7\u00e3o de diversos integrantes da comunidade acad\u00eamica, empresas e outras entidades representativas e geralmente \u00e9 composta de mesas redondas no formato online remoto ao vivo e em pr\u00e9-evento na semana anterior ao SBGames. Entre em contato conosco caso deseje participar de alguma das atividades.<\/span><\/p><p><strong>10h<\/strong> \u2013 <strong>Breve panorama da gradua\u00e7\u00e3o no Brasil<\/strong><br \/>Com o objetivo de contextualizar as discuss\u00f5es que ser\u00e3o realizadas no F\u00f3rum de Ensino de Jogos Digitais, ser\u00e3o apresentados alguns dados sobre a oferta de cursos de gradua\u00e7\u00e3o que contribuem com a forma\u00e7\u00e3o de profissionais para a ind\u00fastria brasileira de jogos digitais.<br \/>Alan Henrique Pardo de Carvalho \u2013 Fatec S\u00e3o Caetano do Sul, Centro Universit\u00e1rio Senac, Co-chair do F\u00f3rum de Ensino de Jogos Digitais \u2013 SP<\/p><p><strong>10h15<\/strong> \u2013 <strong>Pr\u00e1ticas exitosas nos cursos de jogos digitais<\/strong><br \/>Nos mais de 20 anos dos cursos de gradua\u00e7\u00e3o brasileiros voltados \u00e0 forma\u00e7\u00e3o de profissionais para a ind\u00fastria de jogos digitais, diversas institui\u00e7\u00f5es de ensino vem desenvolvendo e implementando pr\u00e1ticas exitosas nesses cursos, seja no ensino, na pesquisa, em iniciativas de empregabilidade, acompanhamento de egressos e, mais recentemente, na curriculariza\u00e7\u00e3o da extens\u00e3o. Nesta mesa, ser\u00e3o apresentadas e discutidas algumas dessas experi\u00eancias.<\/p><p><strong>Participantes<\/strong>:<br \/>Breno Jos\u00e9 Andrade de Carvalho \u2013 Universidade Cat\u00f3lica de Pernambuco (UNICAP) \u2013 PE<br \/>Eduardo Maior Souto Sales \u2013 Instituto Federal de Educa\u00e7\u00e3o, Ci\u00eancia e Tecnologia da Bahia (IFBA) \u2013 BA<br \/>Janaina Silva de Souza \u2013 Centro Universit\u00e1rio de Ensino Superior do Amazonas (CIESA) \u2013 AM<\/p><p><strong>Moderador<\/strong>:<br \/>Alan Henrique Pardo de Carvalho \u2013 Fatec S\u00e3o Caetano do Sul, Centro Universit\u00e1rio Senac, Co-chair do F\u00f3rum de Ensino de Jogos Digitais \u2013 SP<\/p><p><strong>14h<\/strong> \u2013 <strong>O uso de IA generativa no ensino de jogos digitais: oportunidades e desafios<\/strong><br \/>Ultimamente, as chamadas &#8220;IAs generativas&#8221; vem sendo alvo de discuss\u00f5es e aplica\u00e7\u00f5es nas mais diversas \u00e1reas, inclusive na Educa\u00e7\u00e3o. Nessa mesa, ser\u00e3o abordadas possibilidades de utiliza\u00e7\u00e3o de IAs generativas no ensino de jogos digitais, explorando seu potencial como ferramenta para professores e alunos, sem deixar de lado os aspectos \u00e9ticos, desafios t\u00e9cnicos e para ampliar a criatividade, personalizar processos de aprendizagem e perspectivas pedag\u00f3gicas para a forma\u00e7\u00e3o e atua\u00e7\u00e3o profissional.<\/p><p><strong>Participantes<\/strong>:<br \/>Anderson Vermonde Hamilko \u2013 PUCPR \u2013 PR<br \/>Izequiel Nor\u00f5es \u2013 Uni\u00e3o Cearense de Gamers (UECE), Universidade de Fortaleza (Unifor), Dataprev \u2013 CE<br \/>M\u00e1rcio Matheus Filho \u2013 ACJOGOS-RJ, GF Corp \u2013 RJ<\/p><p><strong>Moderador<\/strong>:<br \/>Bruno Campagnolo de Paula \u2013 PUCPR, Co-chair do F\u00f3rum de Ensino de Jogos Digitais \u2013 PR<\/p><p><strong>15h30<\/strong> \u2013<strong> A import\u00e2ncia da participa\u00e7\u00e3o da comunidade acad\u00eamica em eventos do setor<\/strong><br \/>Uma necessidade quando se trata da forma\u00e7\u00e3o de profissionais para a ind\u00fastria de jogos digitais \u00e9 a conex\u00e3o entre a sala de aula e o mercado de trabalho, sendo a participa\u00e7\u00e3o em eventos uma iniciativa que favorece essa conex\u00e3o, contribuindo para a cria\u00e7\u00e3o e amplia\u00e7\u00e3o de conex\u00f5es, apresenta\u00e7\u00e3o de talentos e projetos e o fortalecimento de compet\u00eancias t\u00e9cnicas e comportamentais. Esses e outros aspectos ser\u00e3o discutidos nessa mesa.<\/p><p><strong>Participantes<\/strong>:<br \/>Izequiel Nor\u00f5es \u2013 Uni\u00e3o Cearense de Gamers (UECE), Universidade de Fortaleza (Unifor), Dataprev \u2013 CE<br \/>Leonardo Ferreira \u2013 Centro Universit\u00e1rio Meta (CEUMAP), Coletivo GameDev Amapaense \u2013 AP<br \/>Lia Fuziy \u2013 IGDA S\u00e3o Paulo, Faculdade M\u00e9li\u00e8s, Game Dev Toolkit, Playbor \u2013 SP<\/p><p><strong>Moderador<\/strong>:<br \/>Bruno Campagnolo de Paula \u2013 PUCPR, Co-chair do F\u00f3rum de Ensino de Jogos Digitais \u2013 PR<\/p><p><strong>17h<\/strong> \u2013 <strong>Impress\u00f5es e experi\u00eancias na ind\u00fastria de jogos digitais: a vis\u00e3o dos egressos<\/strong><br \/>H\u00e1 mais de duas d\u00e9cadas, institui\u00e7\u00f5es de ensino brasileiras tem se dedicado a oferecer programas de forma\u00e7\u00e3o de profissionais para ind\u00fastria de jogos digitais, especialmente por meio de cursos t\u00e9cnicos e de gradua\u00e7\u00e3o. Nessa mesa, teremos a participa\u00e7\u00e3o de alguns profissionais formados nesses cursos para que possam compartilhar suas experi\u00eancias na ind\u00fastria, incluindo conex\u00f5es com os cursos nos quais se formaram.<\/p><p><strong>Participantes<\/strong>:<br \/>Andrei Rafael Brongel \u2013 Manalith Sudios \/ PUCPR \u2013 PR<br \/>Matheus Augusto Souza dos Santos \u2013 Akyoma Studio \u2013 BA<br \/>Maur\u00edcio de Souza Estevam \u2013 Senac Hub Academy, Capial Game Studio, ACJogos \u2013 MS<br \/>Samanta Geraldini \u2013 Fogo Games \u2013 SP<\/p><p><strong>Moderador<\/strong>:<br \/>Alan Henrique Pardo de Carvalho \u2013 Fatec S\u00e3o Caetano do Sul, Centro Universit\u00e1rio Senac, Co-chair do F\u00f3rum de Ensino de Jogos Digitais \u2013 SP<\/p><h2><span style=\"color: #e71d73;\"><b>Sobre as edi\u00e7\u00f5es anteriores<\/b><\/span><\/h2><p><span style=\"font-weight: 400;\">Os seguintes temas foram apresentados e discutidos nas edi\u00e7\u00f5es anteriores do F\u00f3rum de Ensino de Jogos Digitais:<\/span><\/p><p><span style=\"font-weight: 400;\">2024 \u2013 Manaus<\/span><\/p><ul><li style=\"font-weight: 400;\" aria-level=\"1\"><a href=\"https:\/\/www.youtube.com\/watch?v=VusC2qTL9DY\"><span style=\"font-weight: 400;\">O Marco Legal dos Games e a rela\u00e7\u00e3o com a forma\u00e7\u00e3o profissional<\/span><\/a><\/li><li style=\"font-weight: 400;\" aria-level=\"1\"><a href=\"https:\/\/www.youtube.com\/watch?v=H-ffZF1vjX0\"><span style=\"font-weight: 400;\">M\u00e9todos e pr\u00e1ticas inovadoras no ensino de jogos digitais<\/span><\/a><\/li><\/ul><p><span style=\"font-weight: 400;\">2023 \u2013 Rio Grande<\/span><\/p><ul><li style=\"font-weight: 400;\" aria-level=\"1\"><a href=\"https:\/\/www.youtube.com\/watch?v=Z7vfkvMQeKc\"><span style=\"font-weight: 400;\">20 anos da gradua\u00e7\u00e3o no Brasil: o resgate de uma hist\u00f3ria<\/span><\/a><\/li><li style=\"font-weight: 400;\" aria-level=\"1\"><a href=\"https:\/\/www.youtube.com\/watch?v=Q1dwpicKzWM\"><span style=\"font-weight: 400;\">Curriculariza\u00e7\u00e3o da extens\u00e3o: o que tem sido feito?<\/span><\/a><\/li><li style=\"font-weight: 400;\" aria-level=\"1\"><a href=\"https:\/\/www.youtube.com\/watch?v=Y1q_DSxGZuM\"><span style=\"font-weight: 400;\">A forma\u00e7\u00e3o na modalidade \u00e0 dist\u00e2ncia: experi\u00eancias e desafios<\/span><\/a><\/li><\/ul><p><span style=\"font-weight: 400;\">2022 \u2013 Natal<\/span><\/p><ul><li style=\"font-weight: 400;\" aria-level=\"1\"><span style=\"font-weight: 400;\">Curriculariza\u00e7\u00e3o da extens\u00e3o: possibilidades e experi\u00eancias<\/span><\/li><li style=\"font-weight: 400;\" aria-level=\"1\"><span style=\"font-weight: 400;\">A realidade educacional p\u00f3s-pandemia da covid-19: o que aprendemos?<\/span><\/li><\/ul><p><span style=\"font-weight: 400;\">2021 \u2013 Gramado<\/span><\/p><ul><li style=\"font-weight: 400;\" aria-level=\"1\"><a href=\"https:\/\/www.youtube.com\/watch?v=_TTewjykfkQ\"><span style=\"font-weight: 400;\">Panorama e perspectivas sobre a forma\u00e7\u00e3o profissional na gradua\u00e7\u00e3o para a Ind\u00fastria Brasileira de Jogos Digitais<\/span><\/a><\/li><li style=\"font-weight: 400;\" aria-level=\"1\"><a href=\"https:\/\/www.youtube.com\/watch?v=YKI4aL2F1OI\"><span style=\"font-weight: 400;\">Pr\u00e1ticas e possibilidades na aplica\u00e7\u00e3o de metodologias ativas<\/span><\/a><\/li><li style=\"font-weight: 400;\" aria-level=\"1\"><a href=\"https:\/\/www.youtube.com\/watch?v=PcMPDPPvAxE\"><span style=\"font-weight: 400;\">Iniciativas e perspectivas sobre a interdisciplinaridade nos cursos<\/span><\/a><\/li><li style=\"font-weight: 400;\" aria-level=\"1\"><a href=\"https:\/\/www.youtube.com\/watch?v=M8CdE-pldE8\"><span style=\"font-weight: 400;\">Articula\u00e7\u00e3o entre empresas e institui\u00e7\u00f5es de ensino<\/span><\/a><\/li><li style=\"font-weight: 400;\" aria-level=\"1\"><a href=\"https:\/\/www.youtube.com\/watch?v=K_NxnXIMZOY\"><span style=\"font-weight: 400;\">Impress\u00f5es e experi\u00eancias na ind\u00fastria de jogos digitais: a vis\u00e3o dos egressos<\/span><\/a><\/li><\/ul><p><span style=\"font-weight: 400;\">2020 \u2013 Porto de Galinhas<\/span><\/p><ul><li style=\"font-weight: 400;\" aria-level=\"1\"><span style=\"font-weight: 400;\">Panorama geral da oferta da gradua\u00e7\u00e3o no Brasil<\/span><\/li><li style=\"font-weight: 400;\" aria-level=\"1\"><span style=\"font-weight: 400;\">Desenvolvimento de compet\u00eancias socioemocionais nos cursos<\/span><\/li><li style=\"font-weight: 400;\" aria-level=\"1\"><span style=\"font-weight: 400;\">Incentivo e desenvolvimento da pesquisa cient\u00edfica na gradua\u00e7\u00e3o<\/span><\/li><li style=\"font-weight: 400;\" aria-level=\"1\"><span style=\"font-weight: 400;\">Iniciativas e sugest\u00f5es para o acompanhamento de egressos dos cursos<\/span><\/li><li style=\"font-weight: 400;\" aria-level=\"1\"><span style=\"font-weight: 400;\">Expectativas e realidades no recrutamento e sele\u00e7\u00e3o de alunos e egressos dos cursos de gradua\u00e7\u00e3o<\/span><\/li><li style=\"font-weight: 400;\" aria-level=\"1\"><span style=\"font-weight: 400;\">A experi\u00eancia docente frente \u00e0 pandemia e suas consequ\u00eancias para o meio acad\u00eamico<\/span><\/li><\/ul><p><span style=\"font-weight: 400;\">2019 \u2013 Rio de Janeiro<\/span><\/p><ul><li style=\"font-weight: 400;\" aria-level=\"1\"><span style=\"font-weight: 400;\">Impress\u00f5es sobre a ind\u00fastria de jogos digitais no exterior: somos t\u00e3o diferentes assim?<\/span><\/li><li style=\"font-weight: 400;\" aria-level=\"1\"><span style=\"font-weight: 400;\">Institui\u00e7\u00f5es de ensino e empresas: uma articula\u00e7\u00e3o necess\u00e1ria<\/span><\/li><li style=\"font-weight: 400;\" aria-level=\"1\"><span style=\"font-weight: 400;\">Iniciativas de empreendedorismo nos cursos<\/span><\/li><li style=\"font-weight: 400;\" aria-level=\"1\"><span style=\"font-weight: 400;\">Pr\u00e1ticas de ensino e avalia\u00e7\u00e3o nos cursos<\/span><\/li><\/ul><p><span style=\"font-weight: 400;\">2018 \u2013 Foz do Igua\u00e7u<\/span><\/p><ul><li style=\"font-weight: 400;\" aria-level=\"1\"><span style=\"font-weight: 400;\">Empresas e institui\u00e7\u00f5es de ensino: como aumentar a proximidade e o que vem sendo feito?<\/span><\/li><li style=\"font-weight: 400;\" aria-level=\"1\"><span style=\"font-weight: 400;\">Iniciativas de empreendedorismo nos cursos<\/span><\/li><li style=\"font-weight: 400;\" aria-level=\"1\"><span style=\"font-weight: 400;\">Estrutura curricular dos cursos de gradua\u00e7\u00e3o<\/span><\/li><li style=\"font-weight: 400;\" aria-level=\"1\"><span style=\"font-weight: 400;\">M\u00e9todos inovadores de ensino em jogos digitais<\/span><\/li><\/ul><p><span style=\"font-weight: 400;\">2017 \u2013 Curitiba<\/span><\/p><ul><li style=\"font-weight: 400;\" aria-level=\"1\"><span style=\"font-weight: 400;\">A pesquisa acad\u00eamica nos cursos de Jogos Digitais e na p\u00f3s-gradua\u00e7\u00e3o<\/span><\/li><li style=\"font-weight: 400;\" aria-level=\"1\"><span style=\"font-weight: 400;\">Os cursos livres e sua participa\u00e7\u00e3o na forma\u00e7\u00e3o de pessoal para a ind\u00fastria<\/span><\/li><li style=\"font-weight: 400;\" aria-level=\"1\"><span style=\"font-weight: 400;\">Cursos t\u00e9cnicos de jogos digitais: o que pode e o que vem sendo feito?<\/span><\/li><li style=\"font-weight: 400;\" aria-level=\"1\"><span style=\"font-weight: 400;\">Empresas e institui\u00e7\u00f5es de ensino: como aumentar a proximidade?<\/span><\/li><\/ul><p><span style=\"font-weight: 400;\">2016 \u2013 S\u00e3o Paulo<\/span><\/p><ul><li style=\"font-weight: 400;\" aria-level=\"1\"><span style=\"font-weight: 400;\">Cursos de Jogos Digitais: regulamenta\u00e7\u00e3o, semelhan\u00e7as e diferen\u00e7as entre os cursos t\u00e9cnicos, de gradua\u00e7\u00e3o e de p\u00f3s-gradua\u00e7\u00e3o<\/span><\/li><li style=\"font-weight: 400;\" aria-level=\"1\"><span style=\"font-weight: 400;\">Est\u00e1gios: quais s\u00e3o as expectativas de est\u00fadios, alunos e institui\u00e7\u00f5es de ensino?<\/span><\/li><li style=\"font-weight: 400;\" aria-level=\"1\"><span style=\"font-weight: 400;\">M\u00e9todos inovadores de ensino em jogos digitais<\/span><\/li><li style=\"font-weight: 400;\" aria-level=\"1\"><span style=\"font-weight: 400;\">Parcerias: como identificar parceiros para os cursos de jogos digitais? O que esperar (e n\u00e3o esperar) deles?<\/span><\/li><li style=\"font-weight: 400;\" aria-level=\"1\"><span style=\"font-weight: 400;\">Benchmark internacional: o que podemos aprender com os cursos de jogos digitais de outros pa\u00edses?<\/span><\/li><\/ul>\t\t\t\t\t\t\t\t<\/div>\n\t\t\t\t<\/div>\n\t\t<div class=\"elementor-element elementor-element-d5659f8 e-con-full e-flex e-con e-child\" data-id=\"d5659f8\" data-element_type=\"container\">\n\t\t\t\t<div class=\"elementor-element elementor-element-efe130d elementor-widget elementor-widget-heading\" data-id=\"efe130d\" data-element_type=\"widget\" data-widget_type=\"heading.default\">\n\t\t\t\t<div class=\"elementor-widget-container\">\n\t\t\t\t\t<h2 class=\"elementor-heading-title elementor-size-default\">SBGames 2025<\/br> Co-Coordenadores<\/h2>\t\t\t\t<\/div>\n\t\t\t\t<\/div>\n\t\t<div class=\"elementor-element elementor-element-f847ad8 e-flex e-con-boxed e-con e-child\" data-id=\"f847ad8\" data-element_type=\"container\">\n\t\t\t\t\t<div class=\"e-con-inner\">\n\t\t<div class=\"elementor-element elementor-element-768248c e-flex e-con-boxed e-con e-child\" data-id=\"768248c\" data-element_type=\"container\">\n\t\t\t\t\t<div class=\"e-con-inner\">\n\t\t\t\t<div class=\"elementor-element elementor-element-c7e7ba2 elementor-widget elementor-widget-heading\" data-id=\"c7e7ba2\" data-element_type=\"widget\" data-widget_type=\"heading.default\">\n\t\t\t\t<div class=\"elementor-widget-container\">\n\t\t\t\t\t<h3 class=\"elementor-heading-title elementor-size-default\">Alan Henrique Pardo de Carvalho<\/h3>\t\t\t\t<\/div>\n\t\t\t\t<\/div>\n\t\t\t\t<div class=\"elementor-element elementor-element-1d3e94c elementor-widget elementor-widget-heading\" data-id=\"1d3e94c\" data-element_type=\"widget\" data-widget_type=\"heading.default\">\n\t\t\t\t<div class=\"elementor-widget-container\">\n\t\t\t\t\t<h5 class=\"elementor-heading-title elementor-size-default\">Fatec S\u00e3o Caetano do Sul, Centro Universit\u00e1rio Senac<\/h5>\t\t\t\t<\/div>\n\t\t\t\t<\/div>\n\t\t\t\t\t<\/div>\n\t\t\t\t<\/div>\n\t\t<div class=\"elementor-element elementor-element-5e1e5f9 e-con-full e-flex e-con e-child\" data-id=\"5e1e5f9\" data-element_type=\"container\">\n\t\t\t\t<div class=\"elementor-element elementor-element-7d16016 elementor-widget elementor-widget-heading\" data-id=\"7d16016\" data-element_type=\"widget\" data-widget_type=\"heading.default\">\n\t\t\t\t<div class=\"elementor-widget-container\">\n\t\t\t\t\t<h3 class=\"elementor-heading-title elementor-size-default\">Bruno Campagnolo de Paula<\/h3>\t\t\t\t<\/div>\n\t\t\t\t<\/div>\n\t\t\t\t<div class=\"elementor-element elementor-element-1cbe1a2 elementor-widget elementor-widget-heading\" data-id=\"1cbe1a2\" data-element_type=\"widget\" data-widget_type=\"heading.default\">\n\t\t\t\t<div class=\"elementor-widget-container\">\n\t\t\t\t\t<h5 class=\"elementor-heading-title elementor-size-default\">PUCPR<\/h5>\t\t\t\t<\/div>\n\t\t\t\t<\/div>\n\t\t\t\t<\/div>\n\t\t\t\t\t<\/div>\n\t\t\t\t<\/div>\n\t\t\t\t<\/div>\n\t\t\t\t\t<\/div>\n\t\t\t\t<\/div>\n\t\t<div class=\"elementor-element elementor-element-b88d3f6 e-con-full e-flex e-con e-child\" data-id=\"b88d3f6\" data-element_type=\"container\">\n\t\t<div class=\"elementor-element elementor-element-79bcba8 e-con-full e-flex e-con e-child\" data-id=\"79bcba8\" data-element_type=\"container\">\n\t\t\t\t<div class=\"elementor-element elementor-element-6aa5282 elementor-widget__width-inherit elementor-widget elementor-widget-button\" data-id=\"6aa5282\" data-element_type=\"widget\" data-widget_type=\"button.default\">\n\t\t\t\t<div class=\"elementor-widget-container\">\n\t\t\t\t\t\t\t\t\t<div class=\"elementor-button-wrapper\">\n\t\t\t\t\t<a class=\"elementor-button elementor-button-link elementor-size-sm\" href=\"https:\/\/www.even3.com.br\/fensino-620350\/\" target=\"_blank\">\n\t\t\t\t\t\t<span class=\"elementor-button-content-wrapper\">\n\t\t\t\t\t\t\t\t\t<span class=\"elementor-button-text\">Formul\u00e1rio de Inscri\u00e7\u00e3o<\/span>\n\t\t\t\t\t<\/span>\n\t\t\t\t\t<\/a>\n\t\t\t\t<\/div>\n\t\t\t\t\t\t\t\t<\/div>\n\t\t\t\t<\/div>\n\t\t\t\t<\/div>\n\t\t\t\t<\/div>\n\t\t\t\t\t<\/div>\n\t\t\t\t<\/div>\n\t\t\t\t<\/div>\n\t\t\t\t<\/div>\n\t\t","protected":false},"excerpt":{"rendered":"<p>Forum de Ensino de Jogos Digitais Data da realiza\u00e7\u00e3o do F\u00f3rum: 24\/09\/2025, online, pelo canal do SBGames no YouTube. O F\u00f3rum de Ensino de Jogos Digitais \u00e9 uma atividade do SBGames dedicada ao fomento de discuss\u00f5es sobre a forma\u00e7\u00e3o de profissionais para a \u00e1rea de desenvolvimento de jogos digitais no Brasil. Trata-se de um espa\u00e7o [&hellip;]<\/p>\n","protected":false},"author":3,"featured_media":0,"parent":0,"menu_order":0,"comment_status":"closed","ping_status":"closed","template":"","meta":{"site-sidebar-layout":"no-sidebar","site-content-layout":"page-builder","ast-site-content-layout":"full-width-container","site-content-style":"default","site-sidebar-style":"default","ast-global-header-display":"","ast-banner-title-visibility":"","ast-main-header-display":"","ast-hfb-above-header-display":"","ast-hfb-below-header-display":"","ast-hfb-mobile-header-display":"","site-post-title":"disabled","ast-breadcrumbs-content":"","ast-featured-img":"disabled","footer-sml-layout":"","theme-transparent-header-meta":"","adv-header-id-meta":"","stick-header-meta":"","header-above-stick-meta":"","header-main-stick-meta":"","header-below-stick-meta":"","astra-migrate-meta-layouts":"set","ast-page-background-enabled":"default","ast-page-background-meta":{"desktop":{"background-color":"","background-image":"","background-repeat":"repeat","background-position":"center center","background-size":"auto","background-attachment":"scroll","background-type":"","background-media":"","overlay-type":"","overlay-color":"","overlay-opacity":"","overlay-gradient":""},"tablet":{"background-color":"","background-image":"","background-repeat":"repeat","background-position":"center center","background-size":"auto","background-attachment":"scroll","background-type":"","background-media":"","overlay-type":"","overlay-color":"","overlay-opacity":"","overlay-gradient":""},"mobile":{"background-color":"","background-image":"","background-repeat":"repeat","background-position":"center center","background-size":"auto","background-attachment":"scroll","background-type":"","background-media":"","overlay-type":"","overlay-color":"","overlay-opacity":"","overlay-gradient":""}},"ast-content-background-meta":{"desktop":{"background-color":"var(--ast-global-color-5)","background-image":"","background-repeat":"repeat","background-position":"center center","background-size":"auto","background-attachment":"scroll","background-type":"","background-media":"","overlay-type":"","overlay-color":"","overlay-opacity":"","overlay-gradient":""},"tablet":{"background-color":"var(--ast-global-color-5)","background-image":"","background-repeat":"repeat","background-position":"center center","background-size":"auto","background-attachment":"scroll","background-type":"","background-media":"","overlay-type":"","overlay-color":"","overlay-opacity":"","overlay-gradient":""},"mobile":{"background-color":"var(--ast-global-color-5)","background-image":"","background-repeat":"repeat","background-position":"center center","background-size":"auto","background-attachment":"scroll","background-type":"","background-media":"","overlay-type":"","overlay-color":"","overlay-opacity":"","overlay-gradient":""}},"footnotes":""},"class_list":["post-4894","page","type-page","status-publish","hentry"],"_links":{"self":[{"href":"https:\/\/sbgames.org\/sbgames2025\/wp-json\/wp\/v2\/pages\/4894","targetHints":{"allow":["GET"]}}],"collection":[{"href":"https:\/\/sbgames.org\/sbgames2025\/wp-json\/wp\/v2\/pages"}],"about":[{"href":"https:\/\/sbgames.org\/sbgames2025\/wp-json\/wp\/v2\/types\/page"}],"author":[{"embeddable":true,"href":"https:\/\/sbgames.org\/sbgames2025\/wp-json\/wp\/v2\/users\/3"}],"replies":[{"embeddable":true,"href":"https:\/\/sbgames.org\/sbgames2025\/wp-json\/wp\/v2\/comments?post=4894"}],"version-history":[{"count":17,"href":"https:\/\/sbgames.org\/sbgames2025\/wp-json\/wp\/v2\/pages\/4894\/revisions"}],"predecessor-version":[{"id":5675,"href":"https:\/\/sbgames.org\/sbgames2025\/wp-json\/wp\/v2\/pages\/4894\/revisions\/5675"}],"wp:attachment":[{"href":"https:\/\/sbgames.org\/sbgames2025\/wp-json\/wp\/v2\/media?parent=4894"}],"curies":[{"name":"wp","href":"https:\/\/api.w.org\/{rel}","templated":true}]}}