{"id":4886,"date":"2025-03-01T00:14:21","date_gmt":"2025-03-01T00:14:21","guid":{"rendered":"https:\/\/sbgames.org\/sbgames2025\/?page_id=4886"},"modified":"2025-10-02T21:48:06","modified_gmt":"2025-10-02T21:48:06","slug":"festival-de-artes","status":"publish","type":"page","link":"https:\/\/sbgames.org\/sbgames2025\/festival-de-artes\/","title":{"rendered":"Festival de Artes"},"content":{"rendered":"\t\t<div data-elementor-type=\"wp-page\" data-elementor-id=\"4886\" class=\"elementor elementor-4886\">\n\t\t\t\t<div class=\"elementor-element elementor-element-979ad64 e-con-full e-flex e-con e-parent\" data-id=\"979ad64\" data-element_type=\"container\" data-settings=\"{&quot;background_background&quot;:&quot;classic&quot;}\">\n\t\t\t\t<div class=\"elementor-element elementor-element-c97ec4b elementor-widget elementor-widget-heading\" data-id=\"c97ec4b\" data-element_type=\"widget\" data-widget_type=\"heading.default\">\n\t\t\t\t<div class=\"elementor-widget-container\">\n\t\t\t\t\t<h2 class=\"elementor-heading-title elementor-size-default\">Festival de Artes<\/h2>\t\t\t\t<\/div>\n\t\t\t\t<\/div>\n\t\t<div class=\"elementor-element elementor-element-76fdb6e e-flex e-con-boxed e-con e-child\" data-id=\"76fdb6e\" data-element_type=\"container\" data-settings=\"{&quot;background_background&quot;:&quot;classic&quot;}\">\n\t\t\t\t\t<div class=\"e-con-inner\">\n\t\t\t\t<div class=\"elementor-element elementor-element-b25938e elementor-widget elementor-widget-heading\" data-id=\"b25938e\" data-element_type=\"widget\" data-widget_type=\"heading.default\">\n\t\t\t\t<div class=\"elementor-widget-container\">\n\t\t\t\t\t<h4 class=\"elementor-heading-title elementor-size-default\">10 de mar\u00e7o a 11 de agosto - Submiss\u00f5es das artes<\/h4>\t\t\t\t<\/div>\n\t\t\t\t<\/div>\n\t\t\t\t<div class=\"elementor-element elementor-element-4ee7511 elementor-widget elementor-widget-heading\" data-id=\"4ee7511\" data-element_type=\"widget\" data-widget_type=\"heading.default\">\n\t\t\t\t<div class=\"elementor-widget-container\">\n\t\t\t\t\t<h4 class=\"elementor-heading-title elementor-size-default\">25 de agosto - Divulga\u00e7\u00e3o da Sele\u00e7\u00e3o Oficial SBGames<\/h4>\t\t\t\t<\/div>\n\t\t\t\t<\/div>\n\t\t\t\t<div class=\"elementor-element elementor-element-e76b203 elementor-widget elementor-widget-heading\" data-id=\"e76b203\" data-element_type=\"widget\" data-widget_type=\"heading.default\">\n\t\t\t\t<div class=\"elementor-widget-container\">\n\t\t\t\t\t<h4 class=\"elementor-heading-title elementor-size-default\">08 de setembro - Divulga\u00e7\u00e3o dos Finalistas<\/h4>\t\t\t\t<\/div>\n\t\t\t\t<\/div>\n\t\t\t\t<div class=\"elementor-element elementor-element-670492f elementor-widget elementor-widget-heading\" data-id=\"670492f\" data-element_type=\"widget\" data-widget_type=\"heading.default\">\n\t\t\t\t<div class=\"elementor-widget-container\">\n\t\t\t\t\t<h4 class=\"elementor-heading-title elementor-size-default\">22 a 26 de setembro  - Talks com os finalistas - Evento online, pr\u00e9-SBGames<\/h4>\t\t\t\t<\/div>\n\t\t\t\t<\/div>\n\t\t\t\t<div class=\"elementor-element elementor-element-d6c1ed7 elementor-widget elementor-widget-heading\" data-id=\"d6c1ed7\" data-element_type=\"widget\" data-widget_type=\"heading.default\">\n\t\t\t\t<div class=\"elementor-widget-container\">\n\t\t\t\t\t<h4 class=\"elementor-heading-title elementor-size-default\">30 de setembro a 03 de outubro - Evento SBGames<\/h4>\t\t\t\t<\/div>\n\t\t\t\t<\/div>\n\t\t\t\t\t<\/div>\n\t\t\t\t<\/div>\n\t\t<div class=\"elementor-element elementor-element-71a14b8 e-flex e-con-boxed e-con e-child\" data-id=\"71a14b8\" data-element_type=\"container\">\n\t\t\t\t\t<div class=\"e-con-inner\">\n\t\t<div class=\"elementor-element elementor-element-41558a6 e-flex e-con-boxed e-con e-child\" data-id=\"41558a6\" data-element_type=\"container\">\n\t\t\t\t\t<div class=\"e-con-inner\">\n\t\t\t\t<div class=\"elementor-element elementor-element-54fdb6c elementor-widget elementor-widget-text-editor\" data-id=\"54fdb6c\" data-element_type=\"widget\" data-widget_type=\"text-editor.default\">\n\t\t\t\t<div class=\"elementor-widget-container\">\n\t\t\t\t\t\t\t\t\t<p><span style=\"font-weight: 400;\">Desde 2018, o Festival de Artes do SBGames \u00e9 um concurso da produ\u00e7\u00e3o nacional de arte de jogos digitais. \u00c9 um espa\u00e7o de explora\u00e7\u00e3o art\u00edstica e criativa, no qual artistas de todo o Brasil divulgam e t\u00eam seu trabalho avaliado e premiado pela comunidade.\u00a0<\/span><\/p><p><span style=\"font-weight: 400;\">A participa\u00e7\u00e3o no Festival \u00e9 aberta para empresas e autores individuais, desde que sejam brasileiros ou residentes no pa\u00eds.<\/span><\/p><p><b>Como participar:<\/b><\/p><p><span style=\"font-weight: 400;\">Ao preencher o formul\u00e1rio de inscri\u00e7\u00e3o, submeta o link no qual o arquivo poder\u00e1 ser acessado, respeitando formatos e dimens\u00f5es explicitadas no regulamento. Preferencialmente, as artes devem ser disponibilizadas pelo GoogleDrive, OneDrive ou DropBox.\u00a0<\/span><\/p><p><b>CUIDADO:<\/b><span style=\"font-weight: 400;\"> Coloque o link de acesso direto ao arquivo submetido e garanta que n\u00e3o h\u00e1 senha ou restri\u00e7\u00e3o de acesso \u00e0s pastas, sob pena de ter seu trabalho recusado. Igualmente, evite sites de hospedagem tempor\u00e1ria nos quais o link expira (WeTransfer ou similares), pois o material deve ficar dispon\u00edvel para ser acessado at\u00e9 o final deste ano.<\/span><\/p><p><a href=\"https:\/\/forms.gle\/iBaHUkfKAD1XRUb5A\" target=\"_blank\" rel=\"noopener\"><b>Formul\u00e1rio de Inscri\u00e7\u00e3o<\/b><\/a><\/p><p><b>Especifica\u00e7\u00f5es:<\/b><\/p><p><span style=\"font-weight: 400;\">A imagem deve estar em formato jpg ou png, tamanho m\u00ednimo de 75 ppi e m\u00e1ximo de 300 ppi, m\u00ednimo de 1MB e m\u00e1ximo de 10Mb.<\/span><\/p><p><span style=\"font-weight: 400;\">O v\u00eddeo, em formato mp4, com no m\u00e1ximo 120Mb. (M\u00e1ximo 3 minutos de dura\u00e7\u00e3o)<\/span><\/p><p><span style=\"font-weight: 400;\">O \u00e1udio, em formato mp3, com no m\u00e1ximo 10Mb. (M\u00e1ximo 3 minutos de dura\u00e7\u00e3o)<\/span><\/p><p><b>ATEN\u00c7\u00c3O:<\/b><b><br \/><\/b><\/p><ul><li style=\"list-style-type: none;\"><ul><li style=\"font-weight: 400;\" aria-level=\"1\"><span style=\"font-weight: 400;\">Coloque o link de acesso direto \u00e0 imagem\/v\u00eddeo\/\u00e1udio. <\/span><b>N\u00e3o coloque o arquivo em .zip, ou em uma pasta com outras obras.<\/b><\/li><li style=\"font-weight: 400;\" aria-level=\"1\"><span style=\"font-weight: 400;\">Para cada inscri\u00e7\u00e3o o(s) autor(es) deve(m) submeter apenas uma obra. Cada candidato poder\u00e1 participar com diversas obras distintas (v\u00e1rias inscri\u00e7\u00f5es) e, no m\u00e1ximo, 3 autores por obra.\u00a0<\/span><\/li><li style=\"font-weight: 400;\" aria-level=\"1\"><span style=\"font-weight: 400;\">\u00c9 permitido compor uma prancha (mosaico) com diversos elementos de arte do mesmo jogo. N\u00e3o h\u00e1 restri\u00e7\u00e3o \u00e0 t\u00e9cnica utilizada, podendo as imagens serem coloridas ou em preto e branco, tradicionais ou digitais.<\/span><span style=\"font-weight: 400;\">\u00a0<\/span><\/li><li style=\"font-weight: 400;\" aria-level=\"1\"><span style=\"font-weight: 400;\">\u00c9 permitido participar em mais de uma categoria, desde que as imagens sejam distintas em cada categoria.<\/span><\/li><\/ul><\/li><li aria-level=\"1\"><b>Imagens produzidas atrav\u00e9s de softwares de Intelig\u00eancia Artificial n\u00e3o ser\u00e3o aceitas.\u00a0<\/b><\/li><\/ul><p><span style=\"font-weight: 400;\">Com a inscri\u00e7\u00e3o, os participantes concedem ao SBGames o direito ao uso das obras enviadas e autorizam o uso das mesmas em todo e qualquer material, documentos e meios de comunica\u00e7\u00e3o, para serem usadas em campanhas promocionais e institucionais do SBGames no Brasil e no mundo. As obras poder\u00e3o passar por edi\u00e7\u00e3o simples, fracionamento ou altera\u00e7\u00e3o da resolu\u00e7\u00e3o, de acordo com a avalia\u00e7\u00e3o t\u00e9cnica do SBGames, sem que haja preju\u00edzo \u00e0 ess\u00eancia da imagem e ao conjunto da obra.<\/span><\/p><p><span style=\"font-weight: 400;\">As inscri\u00e7\u00f5es para o Festival de Artes s\u00e3o gratuitas, n\u00e3o sendo obrigat\u00f3ria a participa\u00e7\u00e3o presencial do(s) autor(es) no evento para efetiva\u00e7\u00e3o da participa\u00e7\u00e3o de suas obras no SBGames. No entanto, caso as obras do(s) autor(es) sejam classificadas dentre as melhores da categoria, \u00e9 interessante que seus representantes estejam online no momento da cerim\u00f4nia de entrega dos certificados de melhores obras.<\/span><\/p><p><span style=\"font-weight: 400;\">Ao se inscreverem no festival, todos os candidatos entendem e aceitam automaticamente todas as cl\u00e1usulas e condi\u00e7\u00f5es estabelecidas no presente regulamento.<\/span><\/p><p><b>Categorias<\/b><\/p><p><span style=\"font-weight: 400;\">As obras devem se adequar as seguintes categorias:<\/span><\/p><p><b>Concept Art<\/b><\/p><p><span style=\"font-weight: 400;\">Imagens de concep\u00e7\u00e3o art\u00edstica de jogos digitais. Personagens (concepts e model sheets), cen\u00e1rios, itens, interfaces, modelos 3D, entre outras artes que fa\u00e7am parte do referido jogo digital. \u00c9 incentivado, nesta categoria, compor uma prancha (mosaico) com diversos elementos de arte do mesmo jogo. Formato: jpg ou png. Tamanho: m\u00ednimo 75 ppi e 1MB, m\u00e1ximo 300 ppi e 10 Mb.<\/span><\/p><p><b>InGame Screenshot<\/b><\/p><p><span style=\"font-weight: 400;\">Screenshots (capturas de tela) do gameplay do jogo digital, demonstrando elementos art\u00edsticos em seu uso final na tela do jogo. Composi\u00e7\u00e3o final do jogo com o uso de diversos elementos art\u00edsticos (como HUD, pointers, di\u00e1logos, minimapa, menu) de forma simult\u00e2nea e integrada ao gameplay. Diferente do concept, nesta categoria participam somente os screenshots finais do jogo, j\u00e1 na sua forma definitiva, mas podem ter dois ou mais screenshots do mesmo jogo, formando um mosaico. Formato: jpg ou png. Tamanho: m\u00ednimo 75 ppi e 1MB, m\u00e1ximo 300 ppi e 10 Mb.<\/span><\/p><p><b>Fanart em Games<\/b><\/p><p><span style=\"font-weight: 400;\">Cria\u00e7\u00f5es art\u00edsticas que fa\u00e7am refer\u00eancia ou homenagem a um ou mais jogos reconhecidos. Formato: jpg ou png. Tamanho: m\u00ednimo 75 ppi e 1MB, m\u00e1ximo 300 ppi e 10 Mb.<\/span><\/p><p><b>InGame Video<\/b><\/p><p><span style=\"font-weight: 400;\">V\u00eddeos do Gameplay, Trailers ou Cinematics do jogo digital, demonstrando elementos art\u00edsticos em seu uso final no jogo. Composi\u00e7\u00e3o final do jogo com o uso de diversos elementos art\u00edsticos (como HUD, pointers, di\u00e1logos, minimapa, menu) de forma simult\u00e2nea e integrada ao gameplay. Formato: Mp4. Tamanho m\u00e1ximo: 120Mb e 3 minutos de dura\u00e7\u00e3o.<\/span><\/p><p><b>Game Sound<\/b><\/p><p><span style=\"font-weight: 400;\">Trilha sonora, \u00e1udio incidental e vozes\/dublagens compostas especificamente para o jogo. O participante deve indicar com descri\u00e7\u00e3o precisa de onde os \u00e1udios s\u00e3o aplicados no referido jogo Formato: Mp3. Tamanho m\u00e1ximo: 10Mb e 3 minutos de dura\u00e7\u00e3o.<\/span><\/p><p><b>Sele\u00e7\u00e3o e divulga\u00e7\u00e3o das artes selecionadas<\/b><\/p><p><span style=\"font-weight: 400;\">A sele\u00e7\u00e3o das obras de cada categoria ser\u00e1 realizada por uma Comiss\u00e3o Julgadora composta por Game Designers profissionais, professores de Jogos Digitais, parceiros e equipe do SBGames. A Coordena\u00e7\u00e3o do Festival de Artes ter\u00e1 autonomia na realiza\u00e7\u00e3o da sele\u00e7\u00e3o e seguir\u00e1 crit\u00e9rios de linguagem, originalidade, criatividade, coer\u00eancia e adequa\u00e7\u00e3o da obra ao Game Design sugerido.<\/span><\/p><p><span style=\"font-weight: 400;\">N\u00e3o haver\u00e1 premia\u00e7\u00e3o no caso de haver menos de tr\u00eas inscri\u00e7\u00f5es em alguma categoria.<\/span><\/p><p><span style=\"font-weight: 400;\">As decis\u00f5es da Comiss\u00e3o Julgadora n\u00e3o ser\u00e3o suscet\u00edveis a recursos ou impugna\u00e7\u00f5es em qualquer etapa do processo.<\/span><\/p><p><span style=\"font-weight: 400;\">As artes submetidas ser\u00e3o selecionadas pela Comiss\u00e3o Avaliadora e passar\u00e3o para a fase de avalia\u00e7\u00e3o. No final, os trabalhos ser\u00e3o classificados como artes selecionadas e melhores artes.<\/span><\/p><p><span style=\"font-weight: 400;\">As artes selecionadas ser\u00e3o exibidas\/disponibilizadas digitalmente em plataforma a ser definida pela organiza\u00e7\u00e3o do SBGames, al\u00e9m de serem expostas no evento em locais espec\u00edficos e em redes sociais\/sites do SBGames e Festival de Artes.<\/span><\/p><p><span style=\"font-weight: 400;\">As melhores artes, al\u00e9m de serem expostas como obras selecionadas, far\u00e3o parte da pr\u00e9-programa\u00e7\u00e3o do evento. Ser\u00e3o convidados um representante de cada obra para um Bate Papo Online sobre o processo de cria\u00e7\u00e3o, troca de experi\u00eancias e post mortem dos jogos onde as artes est\u00e3o inseridas.<\/span><\/p><p><b>Premia\u00e7\u00e3o<\/b><\/p><p><span style=\"font-weight: 400;\">Cada artista das melhores artes ir\u00e1 receber um certificado, e sua classifica\u00e7\u00e3o final ser\u00e1 feita baseada na avalia\u00e7\u00e3o de um j\u00fari t\u00e9cnico.\u00a0<\/span><\/p><p><span style=\"font-weight: 400;\">Outros pr\u00eamios ir\u00e3o depender dos patroc\u00ednios ou apoiadores do evento.<\/span><\/p>\t\t\t\t\t\t\t\t<\/div>\n\t\t\t\t<\/div>\n\t\t<div class=\"elementor-element elementor-element-d5659f8 e-con-full e-flex e-con e-child\" data-id=\"d5659f8\" data-element_type=\"container\">\n\t\t\t\t<div class=\"elementor-element elementor-element-efe130d elementor-widget elementor-widget-heading\" data-id=\"efe130d\" data-element_type=\"widget\" data-widget_type=\"heading.default\">\n\t\t\t\t<div class=\"elementor-widget-container\">\n\t\t\t\t\t<h2 class=\"elementor-heading-title elementor-size-default\">SBGames 2025<\/br> Co-Coordenadores<\/h2>\t\t\t\t<\/div>\n\t\t\t\t<\/div>\n\t\t<div class=\"elementor-element elementor-element-f847ad8 e-flex e-con-boxed e-con e-child\" data-id=\"f847ad8\" data-element_type=\"container\">\n\t\t\t\t\t<div class=\"e-con-inner\">\n\t\t<div class=\"elementor-element elementor-element-768248c e-flex e-con-boxed e-con e-child\" data-id=\"768248c\" data-element_type=\"container\">\n\t\t\t\t\t<div class=\"e-con-inner\">\n\t\t\t\t<div class=\"elementor-element elementor-element-c7e7ba2 elementor-widget elementor-widget-heading\" data-id=\"c7e7ba2\" data-element_type=\"widget\" data-widget_type=\"heading.default\">\n\t\t\t\t<div class=\"elementor-widget-container\">\n\t\t\t\t\t<h3 class=\"elementor-heading-title elementor-size-default\">Ana Clara Silva Britto<\/h3>\t\t\t\t<\/div>\n\t\t\t\t<\/div>\n\t\t\t\t<div class=\"elementor-element elementor-element-1d3e94c elementor-widget elementor-widget-heading\" data-id=\"1d3e94c\" data-element_type=\"widget\" data-widget_type=\"heading.default\">\n\t\t\t\t<div class=\"elementor-widget-container\">\n\t\t\t\t\t<h5 class=\"elementor-heading-title elementor-size-default\">PUC-Minas<\/h5>\t\t\t\t<\/div>\n\t\t\t\t<\/div>\n\t\t\t\t\t<\/div>\n\t\t\t\t<\/div>\n\t\t<div class=\"elementor-element elementor-element-5e1e5f9 e-con-full e-flex e-con e-child\" data-id=\"5e1e5f9\" data-element_type=\"container\">\n\t\t\t\t<div class=\"elementor-element elementor-element-7d16016 elementor-widget elementor-widget-heading\" data-id=\"7d16016\" data-element_type=\"widget\" data-widget_type=\"heading.default\">\n\t\t\t\t<div class=\"elementor-widget-container\">\n\t\t\t\t\t<h3 class=\"elementor-heading-title elementor-size-default\">Rosilane Mota<\/h3>\t\t\t\t<\/div>\n\t\t\t\t<\/div>\n\t\t\t\t<div class=\"elementor-element elementor-element-1cbe1a2 elementor-widget elementor-widget-heading\" data-id=\"1cbe1a2\" data-element_type=\"widget\" data-widget_type=\"heading.default\">\n\t\t\t\t<div class=\"elementor-widget-container\">\n\t\t\t\t\t<h5 class=\"elementor-heading-title elementor-size-default\">PUC-Minas<\/h5>\t\t\t\t<\/div>\n\t\t\t\t<\/div>\n\t\t\t\t<\/div>\n\t\t\t\t\t<\/div>\n\t\t\t\t<\/div>\n\t\t\t\t<\/div>\n\t\t\t\t\t<\/div>\n\t\t\t\t<\/div>\n\t\t<div class=\"elementor-element elementor-element-b88d3f6 e-con-full e-flex e-con e-child\" data-id=\"b88d3f6\" data-element_type=\"container\">\n\t\t<div class=\"elementor-element elementor-element-99edd98 e-con-full e-flex e-con e-child\" data-id=\"99edd98\" data-element_type=\"container\">\n\t\t\t\t<div class=\"elementor-element elementor-element-31da132 elementor-widget__width-inherit elementor-widget elementor-widget-button\" data-id=\"31da132\" data-element_type=\"widget\" data-widget_type=\"button.default\">\n\t\t\t\t<div class=\"elementor-widget-container\">\n\t\t\t\t\t\t\t\t\t<div class=\"elementor-button-wrapper\">\n\t\t\t\t\t<a class=\"elementor-button elementor-button-link elementor-size-sm\" href=\"https:\/\/forms.gle\/iBaHUkfKAD1XRUb5A\" target=\"_blank\">\n\t\t\t\t\t\t<span class=\"elementor-button-content-wrapper\">\n\t\t\t\t\t\t\t\t\t<span class=\"elementor-button-text\">Formul\u00e1rio de Inscri\u00e7\u00e3o<\/span>\n\t\t\t\t\t<\/span>\n\t\t\t\t\t<\/a>\n\t\t\t\t<\/div>\n\t\t\t\t\t\t\t\t<\/div>\n\t\t\t\t<\/div>\n\t\t\t\t<\/div>\n\t\t<div class=\"elementor-element elementor-element-e7f00e9 e-con-full e-flex e-con e-child\" data-id=\"e7f00e9\" data-element_type=\"container\">\n\t\t\t\t<div class=\"elementor-element elementor-element-1e33260 elementor-widget__width-inherit elementor-align-center elementor-widget elementor-widget-button\" data-id=\"1e33260\" data-element_type=\"widget\" data-widget_type=\"button.default\">\n\t\t\t\t<div class=\"elementor-widget-container\">\n\t\t\t\t\t\t\t\t\t<div class=\"elementor-button-wrapper\">\n\t\t\t\t\t<a class=\"elementor-button elementor-button-link elementor-size-sm\" href=\"https:\/\/sbgames.org\/sbgames2025\/wp-content\/uploads\/2025\/08\/SELECAO-MOSTRA-DE-ARTES-2025.pdf\" target=\"_blank\">\n\t\t\t\t\t\t<span class=\"elementor-button-content-wrapper\">\n\t\t\t\t\t\t\t\t\t<span class=\"elementor-button-text\">Sele\u00e7\u00e3o Oficial<\/span>\n\t\t\t\t\t<\/span>\n\t\t\t\t\t<\/a>\n\t\t\t\t<\/div>\n\t\t\t\t\t\t\t\t<\/div>\n\t\t\t\t<\/div>\n\t\t\t\t<\/div>\n\t\t<div class=\"elementor-element elementor-element-aa5f4b7 e-con-full e-flex e-con e-child\" data-id=\"aa5f4b7\" data-element_type=\"container\">\n\t\t\t\t<div class=\"elementor-element elementor-element-54d6367 elementor-widget__width-inherit elementor-align-center elementor-widget elementor-widget-button\" data-id=\"54d6367\" data-element_type=\"widget\" data-widget_type=\"button.default\">\n\t\t\t\t<div class=\"elementor-widget-container\">\n\t\t\t\t\t\t\t\t\t<div class=\"elementor-button-wrapper\">\n\t\t\t\t\t<a class=\"elementor-button elementor-button-link elementor-size-sm\" href=\"https:\/\/sbgames.org\/sbgames2025\/wp-content\/uploads\/2025\/09\/2025-FINALISTAS-MOSTRA-DE-ARTES.pdf\" target=\"_blank\">\n\t\t\t\t\t\t<span class=\"elementor-button-content-wrapper\">\n\t\t\t\t\t\t\t\t\t<span class=\"elementor-button-text\">Finalistas<\/span>\n\t\t\t\t\t<\/span>\n\t\t\t\t\t<\/a>\n\t\t\t\t<\/div>\n\t\t\t\t\t\t\t\t<\/div>\n\t\t\t\t<\/div>\n\t\t\t\t<\/div>\n\t\t<div class=\"elementor-element elementor-element-5d58091 e-con-full e-flex e-con e-child\" data-id=\"5d58091\" data-element_type=\"container\">\n\t\t\t\t<div class=\"elementor-element elementor-element-86c2326 elementor-widget__width-inherit elementor-align-center elementor-widget elementor-widget-button\" data-id=\"86c2326\" data-element_type=\"widget\" data-widget_type=\"button.default\">\n\t\t\t\t<div class=\"elementor-widget-container\">\n\t\t\t\t\t\t\t\t\t<div class=\"elementor-button-wrapper\">\n\t\t\t\t\t<a class=\"elementor-button elementor-button-link elementor-size-sm\" href=\"https:\/\/sbgames.org\/sbgames2025\/wp-content\/uploads\/2025\/10\/2025-VENCEDORES-MOSTRA-DE-ARTES.pdf\" target=\"_blank\">\n\t\t\t\t\t\t<span class=\"elementor-button-content-wrapper\">\n\t\t\t\t\t\t\t\t\t<span class=\"elementor-button-text\">VENCEDORES<\/span>\n\t\t\t\t\t<\/span>\n\t\t\t\t\t<\/a>\n\t\t\t\t<\/div>\n\t\t\t\t\t\t\t\t<\/div>\n\t\t\t\t<\/div>\n\t\t\t\t<\/div>\n\t\t<div class=\"elementor-element elementor-element-d7f67d4 e-con-full e-flex e-con e-child\" data-id=\"d7f67d4\" data-element_type=\"container\">\n\t\t\t\t<div class=\"elementor-element elementor-element-96872e7 elementor-widget__width-inherit elementor-align-center elementor-widget elementor-widget-button\" data-id=\"96872e7\" data-element_type=\"widget\" data-widget_type=\"button.default\">\n\t\t\t\t<div class=\"elementor-widget-container\">\n\t\t\t\t\t\t\t\t\t<div class=\"elementor-button-wrapper\">\n\t\t\t\t\t<a class=\"elementor-button elementor-button-link elementor-size-sm\" href=\"https:\/\/sbgames.org\/sbgames2025\/wp-content\/uploads\/2025\/10\/2025-AVALIADORES-MOSTRA-DE-ARTES.pdf\" target=\"_blank\">\n\t\t\t\t\t\t<span class=\"elementor-button-content-wrapper\">\n\t\t\t\t\t\t\t\t\t<span class=\"elementor-button-text\"> AVALIADORES<\/span>\n\t\t\t\t\t<\/span>\n\t\t\t\t\t<\/a>\n\t\t\t\t<\/div>\n\t\t\t\t\t\t\t\t<\/div>\n\t\t\t\t<\/div>\n\t\t\t\t<\/div>\n\t\t<div class=\"elementor-element elementor-element-a29b95e e-con-full e-flex e-con e-child\" data-id=\"a29b95e\" data-element_type=\"container\">\n\t\t\t\t<div class=\"elementor-element elementor-element-09b638f elementor-widget__width-inherit elementor-align-center elementor-widget elementor-widget-button\" data-id=\"09b638f\" data-element_type=\"widget\" data-widget_type=\"button.default\">\n\t\t\t\t<div class=\"elementor-widget-container\">\n\t\t\t\t\t\t\t\t\t<div class=\"elementor-button-wrapper\">\n\t\t\t\t\t<a class=\"elementor-button elementor-button-link elementor-size-sm\" href=\"https:\/\/youtu.be\/WrW09sBZqZ4\" target=\"_blank\">\n\t\t\t\t\t\t<span class=\"elementor-button-content-wrapper\">\n\t\t\t\t\t\t\t\t\t<span class=\"elementor-button-text\">Mostra Festival de Artes<\/span>\n\t\t\t\t\t<\/span>\n\t\t\t\t\t<\/a>\n\t\t\t\t<\/div>\n\t\t\t\t\t\t\t\t<\/div>\n\t\t\t\t<\/div>\n\t\t\t\t<\/div>\n\t\t\t\t<\/div>\n\t\t\t\t\t<\/div>\n\t\t\t\t<\/div>\n\t\t\t\t<\/div>\n\t\t\t\t<\/div>\n\t\t","protected":false},"excerpt":{"rendered":"<p>Festival de Artes 10 de mar\u00e7o a 11 de agosto &#8211; Submiss\u00f5es das artes 25 de agosto &#8211; Divulga\u00e7\u00e3o da Sele\u00e7\u00e3o Oficial SBGames 08 de setembro &#8211; Divulga\u00e7\u00e3o dos Finalistas 22 a 26 de setembro &#8211; Talks com os finalistas &#8211; Evento online, pr\u00e9-SBGames 30 de setembro a 03 de outubro &#8211; Evento SBGames Desde [&hellip;]<\/p>\n","protected":false},"author":3,"featured_media":0,"parent":0,"menu_order":0,"comment_status":"closed","ping_status":"closed","template":"","meta":{"site-sidebar-layout":"no-sidebar","site-content-layout":"page-builder","ast-site-content-layout":"full-width-container","site-content-style":"default","site-sidebar-style":"default","ast-global-header-display":"","ast-banner-title-visibility":"","ast-main-header-display":"","ast-hfb-above-header-display":"","ast-hfb-below-header-display":"","ast-hfb-mobile-header-display":"","site-post-title":"disabled","ast-breadcrumbs-content":"","ast-featured-img":"disabled","footer-sml-layout":"","theme-transparent-header-meta":"","adv-header-id-meta":"","stick-header-meta":"","header-above-stick-meta":"","header-main-stick-meta":"","header-below-stick-meta":"","astra-migrate-meta-layouts":"set","ast-page-background-enabled":"default","ast-page-background-meta":{"desktop":{"background-color":"","background-image":"","background-repeat":"repeat","background-position":"center center","background-size":"auto","background-attachment":"scroll","background-type":"","background-media":"","overlay-type":"","overlay-color":"","overlay-opacity":"","overlay-gradient":""},"tablet":{"background-color":"","background-image":"","background-repeat":"repeat","background-position":"center center","background-size":"auto","background-attachment":"scroll","background-type":"","background-media":"","overlay-type":"","overlay-color":"","overlay-opacity":"","overlay-gradient":""},"mobile":{"background-color":"","background-image":"","background-repeat":"repeat","background-position":"center center","background-size":"auto","background-attachment":"scroll","background-type":"","background-media":"","overlay-type":"","overlay-color":"","overlay-opacity":"","overlay-gradient":""}},"ast-content-background-meta":{"desktop":{"background-color":"var(--ast-global-color-5)","background-image":"","background-repeat":"repeat","background-position":"center center","background-size":"auto","background-attachment":"scroll","background-type":"","background-media":"","overlay-type":"","overlay-color":"","overlay-opacity":"","overlay-gradient":""},"tablet":{"background-color":"var(--ast-global-color-5)","background-image":"","background-repeat":"repeat","background-position":"center center","background-size":"auto","background-attachment":"scroll","background-type":"","background-media":"","overlay-type":"","overlay-color":"","overlay-opacity":"","overlay-gradient":""},"mobile":{"background-color":"var(--ast-global-color-5)","background-image":"","background-repeat":"repeat","background-position":"center center","background-size":"auto","background-attachment":"scroll","background-type":"","background-media":"","overlay-type":"","overlay-color":"","overlay-opacity":"","overlay-gradient":""}},"footnotes":""},"class_list":["post-4886","page","type-page","status-publish","hentry"],"_links":{"self":[{"href":"https:\/\/sbgames.org\/sbgames2025\/wp-json\/wp\/v2\/pages\/4886","targetHints":{"allow":["GET"]}}],"collection":[{"href":"https:\/\/sbgames.org\/sbgames2025\/wp-json\/wp\/v2\/pages"}],"about":[{"href":"https:\/\/sbgames.org\/sbgames2025\/wp-json\/wp\/v2\/types\/page"}],"author":[{"embeddable":true,"href":"https:\/\/sbgames.org\/sbgames2025\/wp-json\/wp\/v2\/users\/3"}],"replies":[{"embeddable":true,"href":"https:\/\/sbgames.org\/sbgames2025\/wp-json\/wp\/v2\/comments?post=4886"}],"version-history":[{"count":29,"href":"https:\/\/sbgames.org\/sbgames2025\/wp-json\/wp\/v2\/pages\/4886\/revisions"}],"predecessor-version":[{"id":5794,"href":"https:\/\/sbgames.org\/sbgames2025\/wp-json\/wp\/v2\/pages\/4886\/revisions\/5794"}],"wp:attachment":[{"href":"https:\/\/sbgames.org\/sbgames2025\/wp-json\/wp\/v2\/media?parent=4886"}],"curies":[{"name":"wp","href":"https:\/\/api.w.org\/{rel}","templated":true}]}}