{"id":4363,"date":"2025-02-03T23:21:12","date_gmt":"2025-02-03T23:21:12","guid":{"rendered":"https:\/\/sbgames.org\/sbgames2025\/?page_id=4363"},"modified":"2025-08-18T22:03:18","modified_gmt":"2025-08-18T22:03:18","slug":"attending","status":"publish","type":"page","link":"https:\/\/sbgames.org\/sbgames2025\/attending\/","title":{"rendered":"Local"},"content":{"rendered":"\t\t<div data-elementor-type=\"wp-page\" data-elementor-id=\"4363\" class=\"elementor elementor-4363\">\n\t\t\t\t<div class=\"elementor-element elementor-element-a49fc34 e-con-full e-flex e-con e-parent\" data-id=\"a49fc34\" data-element_type=\"container\" data-settings=\"{&quot;background_background&quot;:&quot;classic&quot;}\">\n\t\t<div class=\"elementor-element elementor-element-4668bec e-flex e-con-boxed e-con e-child\" data-id=\"4668bec\" data-element_type=\"container\" data-settings=\"{&quot;background_background&quot;:&quot;classic&quot;}\">\n\t\t\t\t\t<div class=\"e-con-inner\">\n\t\t\t\t<div class=\"elementor-element elementor-element-909fa28 elementor-widget elementor-widget-heading\" data-id=\"909fa28\" data-element_type=\"widget\" data-widget_type=\"heading.default\">\n\t\t\t\t<div class=\"elementor-widget-container\">\n\t\t\t\t\t<h3 class=\"elementor-heading-title elementor-size-default\">Explore Salvador<\/h3>\t\t\t\t<\/div>\n\t\t\t\t<\/div>\n\t\t\t\t\t<\/div>\n\t\t\t\t<\/div>\n\t\t<div class=\"elementor-element elementor-element-b0d4bee e-flex e-con-boxed e-con e-child\" data-id=\"b0d4bee\" data-element_type=\"container\">\n\t\t\t\t\t<div class=\"e-con-inner\">\n\t\t\t\t<div class=\"elementor-element elementor-element-e588131 elementor-widget elementor-widget-heading\" data-id=\"e588131\" data-element_type=\"widget\" data-widget_type=\"heading.default\">\n\t\t\t\t<div class=\"elementor-widget-container\">\n\t\t\t\t\t<h4 class=\"elementor-heading-title elementor-size-default\">O cora\u00e7\u00e3o da cultura, <\/br>\nhist\u00f3ria e beleza natural<\/h4>\t\t\t\t<\/div>\n\t\t\t\t<\/div>\n\t\t\t\t<div class=\"elementor-element elementor-element-330170c elementor-widget elementor-widget-text-editor\" data-id=\"330170c\" data-element_type=\"widget\" data-widget_type=\"text-editor.default\">\n\t\t\t\t<div class=\"elementor-widget-container\">\n\t\t\t\t\t\t\t\t\t<p style=\"text-align: center;\"><span style=\"font-weight: 400;\">Bem vindos a Salvador, a capital vibrante da Bahia e uma das cidades mais deslumbrantes do Brasil. Conhecida como a \u201cTerra da Alegria\u201d, Salvador mistura sua rica hist\u00f3ria, tradi\u00e7\u00f5es multiculturais e para\u00edsos de tirar o f\u00f4lego, tornando-a um destino inesquec\u00edvel para os participantes da confer\u00eancia.<\/span><\/p>\t\t\t\t\t\t\t\t<\/div>\n\t\t\t\t<\/div>\n\t\t\t\t\t<\/div>\n\t\t\t\t<\/div>\n\t\t<div class=\"elementor-element elementor-element-5aead5a e-flex e-con-boxed e-con e-child\" data-id=\"5aead5a\" data-element_type=\"container\">\n\t\t\t\t\t<div class=\"e-con-inner\">\n\t\t\t\t<div class=\"elementor-element elementor-element-f798b9d elementor-widget elementor-widget-heading\" data-id=\"f798b9d\" data-element_type=\"widget\" data-widget_type=\"heading.default\">\n\t\t\t\t<div class=\"elementor-widget-container\">\n\t\t\t\t\t<h5 class=\"elementor-heading-title elementor-size-default\">Uma cidade rica <\/br>\nem hist\u00f3ria\n<\/h5>\t\t\t\t<\/div>\n\t\t\t\t<\/div>\n\t\t\t\t<div class=\"elementor-element elementor-element-ea40c08 elementor-widget elementor-widget-text-editor\" data-id=\"ea40c08\" data-element_type=\"widget\" data-widget_type=\"text-editor.default\">\n\t\t\t\t<div class=\"elementor-widget-container\">\n\t\t\t\t\t\t\t\t\t<p style=\"text-align: center;\"><span style=\"font-weight: 400;\">Fundada<\/span> <span style=\"font-weight: 400;\">em 1549, Salvador foi a primeira capital do Brasil. O centro hist\u00f3rico da cidade \u00e9 declarado como Patrim\u00f4nio Material da UNESCO, repleto de ruas charmosas de paralelep\u00edpedo. A hist\u00f3ria da cidade est\u00e1 profundamente enraizada nas influ\u00eancias Africanas, Ind\u00edgenas e Europeias, criando uma cultura vibrante, refletida em sua m\u00fasica, dan\u00e7a e gastronomia.<\/span><\/p>\t\t\t\t\t\t\t\t<\/div>\n\t\t\t\t<\/div>\n\t\t\t\t\t<\/div>\n\t\t\t\t<\/div>\n\t\t<div class=\"elementor-element elementor-element-9e8d736 e-con-full e-flex e-con e-child\" data-id=\"9e8d736\" data-element_type=\"container\" data-settings=\"{&quot;background_background&quot;:&quot;classic&quot;}\">\n\t\t\t\t<\/div>\n\t\t<div class=\"elementor-element elementor-element-c342887 e-flex e-con-boxed e-con e-child\" data-id=\"c342887\" data-element_type=\"container\">\n\t\t\t\t\t<div class=\"e-con-inner\">\n\t\t\t\t<div class=\"elementor-element elementor-element-29da011 elementor-widget elementor-widget-heading\" data-id=\"29da011\" data-element_type=\"widget\" data-widget_type=\"heading.default\">\n\t\t\t\t<div class=\"elementor-widget-container\">\n\t\t\t\t\t<h5 class=\"elementor-heading-title elementor-size-default\">Praias de <\/br>\ntirar o f\u00f4lego\n<\/h5>\t\t\t\t<\/div>\n\t\t\t\t<\/div>\n\t\t\t\t<div class=\"elementor-element elementor-element-a39dea9 elementor-widget elementor-widget-text-editor\" data-id=\"a39dea9\" data-element_type=\"widget\" data-widget_type=\"text-editor.default\">\n\t\t\t\t<div class=\"elementor-widget-container\">\n\t\t\t\t\t\t\t\t\t<p style=\"text-align: center;\"><span style=\"font-weight: 400;\">Salvador \u00e9 a casa de algumas das praias mais bonitas do Brasil. Esteja voc\u00ea procurando pelas \u00e1guas calmas do Porto da Barra ou as ondas animadas da praia de Itapu\u00e3, existe uma praia para todos os gostos. Voc\u00ea pode relaxar no mar ou tentar esportes como surfe e mergulho. Com certeza tem algo para voc\u00ea.<\/span><\/p>\t\t\t\t\t\t\t\t<\/div>\n\t\t\t\t<\/div>\n\t\t\t\t\t<\/div>\n\t\t\t\t<\/div>\n\t\t<div class=\"elementor-element elementor-element-e87e29d e-flex e-con-boxed e-con e-child\" data-id=\"e87e29d\" data-element_type=\"container\">\n\t\t\t\t\t<div class=\"e-con-inner\">\n\t\t\t\t<div class=\"elementor-element elementor-element-e69441e elementor-widget elementor-widget-heading\" data-id=\"e69441e\" data-element_type=\"widget\" data-widget_type=\"heading.default\">\n\t\t\t\t<div class=\"elementor-widget-container\">\n\t\t\t\t\t<h5 class=\"elementor-heading-title elementor-size-default\">Vibra\u00e7\u00e3o <\/br>\nCultural\n<\/h5>\t\t\t\t<\/div>\n\t\t\t\t<\/div>\n\t\t\t\t<div class=\"elementor-element elementor-element-6901c0c elementor-widget elementor-widget-text-editor\" data-id=\"6901c0c\" data-element_type=\"widget\" data-widget_type=\"text-editor.default\">\n\t\t\t\t<div class=\"elementor-widget-container\">\n\t\t\t\t\t\t\t\t\t<p style=\"text-align: center;\"><span style=\"font-weight: 400;\">M\u00fasica e dan\u00e7a est\u00e3o no cora\u00e7\u00e3o da identidade de Salvador. Ax\u00e9 music e samba de roda foram nascidos nas ruas e muitas vezes ganham vida com as batidas do tambor e as tradicionais performances. N\u00e3o esque\u00e7a de assistir a uma demonstra\u00e7\u00e3o de capoeira, uma arte marcial afro-brasileira \u00fanica que mistura movimentos e ritmo.<\/span><\/p>\t\t\t\t\t\t\t\t<\/div>\n\t\t\t\t<\/div>\n\t\t\t\t\t<\/div>\n\t\t\t\t<\/div>\n\t\t<div class=\"elementor-element elementor-element-dcad581 e-con-full e-flex e-con e-child\" data-id=\"dcad581\" data-element_type=\"container\" data-settings=\"{&quot;background_background&quot;:&quot;classic&quot;}\">\n\t\t\t\t<\/div>\n\t\t<div class=\"elementor-element elementor-element-22202b6 e-flex e-con-boxed e-con e-child\" data-id=\"22202b6\" data-element_type=\"container\">\n\t\t\t\t\t<div class=\"e-con-inner\">\n\t\t\t\t<div class=\"elementor-element elementor-element-8b04011 elementor-widget elementor-widget-heading\" data-id=\"8b04011\" data-element_type=\"widget\" data-widget_type=\"heading.default\">\n\t\t\t\t<div class=\"elementor-widget-container\">\n\t\t\t\t\t<h5 class=\"elementor-heading-title elementor-size-default\">Cozinha de <\/br>\nclasse mundial\n<\/h5>\t\t\t\t<\/div>\n\t\t\t\t<\/div>\n\t\t\t\t<div class=\"elementor-element elementor-element-ae82260 elementor-widget elementor-widget-text-editor\" data-id=\"ae82260\" data-element_type=\"widget\" data-widget_type=\"text-editor.default\">\n\t\t\t\t<div class=\"elementor-widget-container\">\n\t\t\t\t\t\t\t\t\t<p style=\"text-align: center;\"><span style=\"font-weight: 400;\">Amantes da gastronomia estar\u00e3o encantados com a gastronomia da cidade, uma fus\u00e3o \u00fanica de sabores Africanos e Brasileiros, combinando tradi\u00e7\u00e3o e regionalismo. Voc\u00ea deve tentar pratos ic\u00f4nicos como moqueca, vatap\u00e1 e acaraj\u00e9, melhor apreciado com um refri gelado ou uma tradicional caipirinha.<\/span><\/p>\t\t\t\t\t\t\t\t<\/div>\n\t\t\t\t<\/div>\n\t\t\t\t\t<\/div>\n\t\t\t\t<\/div>\n\t\t<div class=\"elementor-element elementor-element-cef757c e-flex e-con-boxed e-con e-child\" data-id=\"cef757c\" data-element_type=\"container\">\n\t\t\t\t\t<div class=\"e-con-inner\">\n\t\t\t\t<div class=\"elementor-element elementor-element-235680d elementor-widget elementor-widget-heading\" data-id=\"235680d\" data-element_type=\"widget\" data-widget_type=\"heading.default\">\n\t\t\t\t<div class=\"elementor-widget-container\">\n\t\t\t\t\t<h5 class=\"elementor-heading-title elementor-size-default\">Maravilhas <\/br>\npr\u00f3ximas\n<\/h5>\t\t\t\t<\/div>\n\t\t\t\t<\/div>\n\t\t\t\t<div class=\"elementor-element elementor-element-08a557c elementor-widget elementor-widget-text-editor\" data-id=\"08a557c\" data-element_type=\"widget\" data-widget_type=\"text-editor.default\">\n\t\t\t\t<div class=\"elementor-widget-container\">\n\t\t\t\t\t\t\t\t\t<p style=\"text-align: center;\"><span style=\"font-weight: 400;\">As atra\u00e7\u00f5es v\u00e3o al\u00e9m da cidade de Salvador. Uma curta viagem o levar\u00e1 \u00e0s ensolaradas ilhas da Ba\u00eda de Todos-os-Santos, \u00e0s exuberantes paisagens da Chapada Diamantina ou \u00e0 encantadora cidade colonial de Cachoeira.<\/span><\/p>\t\t\t\t\t\t\t\t<\/div>\n\t\t\t\t<\/div>\n\t\t\t\t\t<\/div>\n\t\t\t\t<\/div>\n\t\t<div class=\"elementor-element elementor-element-626dc51 e-flex e-con-boxed e-con e-child\" data-id=\"626dc51\" data-element_type=\"container\">\n\t\t\t\t\t<div class=\"e-con-inner\">\n\t\t\t\t<div class=\"elementor-element elementor-element-a304366 elementor-widget elementor-widget-heading\" data-id=\"a304366\" data-element_type=\"widget\" data-widget_type=\"heading.default\">\n\t\t\t\t<div class=\"elementor-widget-container\">\n\t\t\t\t\t<h5 class=\"elementor-heading-title elementor-size-default\">Uma recep\u00e7\u00e3o calorosa <\/br>\no aguarda\n<\/h5>\t\t\t\t<\/div>\n\t\t\t\t<\/div>\n\t\t\t\t<div class=\"elementor-element elementor-element-df40dc3 elementor-widget elementor-widget-text-editor\" data-id=\"df40dc3\" data-element_type=\"widget\" data-widget_type=\"text-editor.default\">\n\t\t\t\t<div class=\"elementor-widget-container\">\n\t\t\t\t\t\t\t\t\t<p style=\"text-align: center;\"><span style=\"font-weight: 400;\">Salvador \u00e9 mais do que apenas um destino, \u00e9 uma experi\u00eancia. Seu povo caloroso e acolhedor em conjunto com sua rica cultura, fazem o cen\u00e1rio perfeito para a nossa confer\u00eancia internacional. Esteja explorando marcos hist\u00f3ricos, desfrutando pratos deliciosos ou absorvendo as belezas naturais, Salvador promete mem\u00f3rias que durar\u00e3o a vida toda.\u00a0<\/span><\/p><p style=\"text-align: center;\"><span style=\"font-weight: 400;\">Mal podemos esperar para receb\u00ea-los nesta cidade excitante, ent\u00e3o estamos convidando voc\u00eas para imergir em tudo que a cidade tem para oferecer enquanto fazem novas conex\u00f5es com colegas mundo afora.<\/span><\/p>\t\t\t\t\t\t\t\t<\/div>\n\t\t\t\t<\/div>\n\t\t\t\t\t<\/div>\n\t\t\t\t<\/div>\n\t\t<div class=\"elementor-element elementor-element-977d50a e-con-full e-flex e-con e-child\" data-id=\"977d50a\" data-element_type=\"container\" data-settings=\"{&quot;background_background&quot;:&quot;classic&quot;}\">\n\t\t\t\t<\/div>\n\t\t<div class=\"elementor-element elementor-element-6eef47e e-flex e-con-boxed e-con e-child\" data-id=\"6eef47e\" data-element_type=\"container\">\n\t\t\t\t\t<div class=\"e-con-inner\">\n\t\t\t\t<div class=\"elementor-element elementor-element-f78dfd2 elementor-widget elementor-widget-heading\" data-id=\"f78dfd2\" data-element_type=\"widget\" data-widget_type=\"heading.default\">\n\t\t\t\t<div class=\"elementor-widget-container\">\n\t\t\t\t\t<h5 class=\"elementor-heading-title elementor-size-default\">Ag\u00eancia de Turismo Privada - Priv\u00ea Tour<\/h5>\t\t\t\t<\/div>\n\t\t\t\t<\/div>\n\t\t\t\t<div class=\"elementor-element elementor-element-6beecbe elementor-widget elementor-widget-text-editor\" data-id=\"6beecbe\" data-element_type=\"widget\" data-widget_type=\"text-editor.default\">\n\t\t\t\t<div class=\"elementor-widget-container\">\n\t\t\t\t\t\t\t\t\t<p style=\"text-align: center;\">Vem com a gente sonhar juntos no ver\u00e3o da Bahia , passeios Tur\u00edstico em grupo ou coletivo para todos os principais roteiros da nossa terra , o que n\u00e3o tiver formatado, n\u00f3s de forma personalizada , criativa e respeitando sua individualidade aqui estaremos. Praia do forte e diversas praias no litoral Norte , Morro de S\u00e3o Paulo diariamente, Frades de Catamar\u00e3 ( Embarca\u00e7\u00e3o suprema com servi\u00e7o de bar a bordo) , lancha particular , Show folcl\u00f3rico, Beleza e hist\u00f3ria , Bahia m\u00edstica, Rec\u00f4ncavo baiano , estudos de di\u00e1sporas , Terreiros de candombl\u00e9 , Museus e tudo mais que desejar &#8230;vamos juntos com profissionais habilitados e qualificados.<\/p><p style=\"text-align: center;\"><a href=\"https:\/\/wa.me\/c\/557196673131\" target=\"_blank\" rel=\"noopener\">Acesse este link<\/a> para ver nosso cat\u00e1logo no WhatsApp<\/p><p style=\"text-align: center;\"><a href=\"https:\/\/api.whatsapp.com\/send?phone=557196673131\" target=\"_blank\" rel=\"noopener\">Contato: +55 71 9667-3131<\/a><\/p>\t\t\t\t\t\t\t\t<\/div>\n\t\t\t\t<\/div>\n\t\t\t\t\t<\/div>\n\t\t\t\t<\/div>\n\t\t\t\t<\/div>\n\t\t\t\t<\/div>\n\t\t","protected":false},"excerpt":{"rendered":"<p>Explore Salvador O cora\u00e7\u00e3o da cultura, hist\u00f3ria e beleza natural Bem vindos a Salvador, a capital vibrante da Bahia e uma das cidades mais deslumbrantes do Brasil. Conhecida como a \u201cTerra da Alegria\u201d, Salvador mistura sua rica hist\u00f3ria, tradi\u00e7\u00f5es multiculturais e para\u00edsos de tirar o f\u00f4lego, tornando-a um destino inesquec\u00edvel para os participantes da confer\u00eancia. [&hellip;]<\/p>\n","protected":false},"author":3,"featured_media":0,"parent":0,"menu_order":0,"comment_status":"closed","ping_status":"closed","template":"","meta":{"site-sidebar-layout":"no-sidebar","site-content-layout":"page-builder","ast-site-content-layout":"full-width-container","site-content-style":"default","site-sidebar-style":"default","ast-global-header-display":"","ast-banner-title-visibility":"","ast-main-header-display":"","ast-hfb-above-header-display":"","ast-hfb-below-header-display":"","ast-hfb-mobile-header-display":"","site-post-title":"disabled","ast-breadcrumbs-content":"","ast-featured-img":"disabled","footer-sml-layout":"","theme-transparent-header-meta":"","adv-header-id-meta":"","stick-header-meta":"","header-above-stick-meta":"","header-main-stick-meta":"","header-below-stick-meta":"","astra-migrate-meta-layouts":"set","ast-page-background-enabled":"default","ast-page-background-meta":{"desktop":{"background-color":"","background-image":"","background-repeat":"repeat","background-position":"center center","background-size":"auto","background-attachment":"scroll","background-type":"","background-media":"","overlay-type":"","overlay-color":"","overlay-opacity":"","overlay-gradient":""},"tablet":{"background-color":"","background-image":"","background-repeat":"repeat","background-position":"center center","background-size":"auto","background-attachment":"scroll","background-type":"","background-media":"","overlay-type":"","overlay-color":"","overlay-opacity":"","overlay-gradient":""},"mobile":{"background-color":"","background-image":"","background-repeat":"repeat","background-position":"center center","background-size":"auto","background-attachment":"scroll","background-type":"","background-media":"","overlay-type":"","overlay-color":"","overlay-opacity":"","overlay-gradient":""}},"ast-content-background-meta":{"desktop":{"background-color":"var(--ast-global-color-5)","background-image":"","background-repeat":"repeat","background-position":"center center","background-size":"auto","background-attachment":"scroll","background-type":"","background-media":"","overlay-type":"","overlay-color":"","overlay-opacity":"","overlay-gradient":""},"tablet":{"background-color":"var(--ast-global-color-5)","background-image":"","background-repeat":"repeat","background-position":"center center","background-size":"auto","background-attachment":"scroll","background-type":"","background-media":"","overlay-type":"","overlay-color":"","overlay-opacity":"","overlay-gradient":""},"mobile":{"background-color":"var(--ast-global-color-5)","background-image":"","background-repeat":"repeat","background-position":"center center","background-size":"auto","background-attachment":"scroll","background-type":"","background-media":"","overlay-type":"","overlay-color":"","overlay-opacity":"","overlay-gradient":""}},"footnotes":""},"class_list":["post-4363","page","type-page","status-publish","hentry"],"_links":{"self":[{"href":"https:\/\/sbgames.org\/sbgames2025\/wp-json\/wp\/v2\/pages\/4363","targetHints":{"allow":["GET"]}}],"collection":[{"href":"https:\/\/sbgames.org\/sbgames2025\/wp-json\/wp\/v2\/pages"}],"about":[{"href":"https:\/\/sbgames.org\/sbgames2025\/wp-json\/wp\/v2\/types\/page"}],"author":[{"embeddable":true,"href":"https:\/\/sbgames.org\/sbgames2025\/wp-json\/wp\/v2\/users\/3"}],"replies":[{"embeddable":true,"href":"https:\/\/sbgames.org\/sbgames2025\/wp-json\/wp\/v2\/comments?post=4363"}],"version-history":[{"count":77,"href":"https:\/\/sbgames.org\/sbgames2025\/wp-json\/wp\/v2\/pages\/4363\/revisions"}],"predecessor-version":[{"id":5537,"href":"https:\/\/sbgames.org\/sbgames2025\/wp-json\/wp\/v2\/pages\/4363\/revisions\/5537"}],"wp:attachment":[{"href":"https:\/\/sbgames.org\/sbgames2025\/wp-json\/wp\/v2\/media?parent=4363"}],"curies":[{"name":"wp","href":"https:\/\/api.w.org\/{rel}","templated":true}]}}