{"id":2790,"date":"2024-05-14T16:42:45","date_gmt":"2024-05-14T16:42:45","guid":{"rendered":"https:\/\/sbgames.org\/sbgames2024\/?page_id=2790"},"modified":"2024-09-23T19:50:33","modified_gmt":"2024-09-23T19:50:33","slug":"magica","status":"publish","type":"page","link":"https:\/\/sbgames.org\/sbgames2024\/magica\/","title":{"rendered":"M\u00e1gica"},"content":{"rendered":"\t\t<div data-elementor-type=\"wp-page\" data-elementor-id=\"2790\" class=\"elementor elementor-2790\">\n\t\t\t\t<div class=\"elementor-element elementor-element-8dbda00 e-flex e-con-boxed e-con e-parent\" data-id=\"8dbda00\" data-element_type=\"container\" data-settings=\"{&quot;background_background&quot;:&quot;classic&quot;}\">\n\t\t\t\t\t<div class=\"e-con-inner\">\n\t\t\t\t<div class=\"elementor-element elementor-element-3c28dc2 elementor-widget elementor-widget-heading\" data-id=\"3c28dc2\" data-element_type=\"widget\" data-widget_type=\"heading.default\">\n\t\t\t\t<div class=\"elementor-widget-container\">\n\t\t\t\t\t<h2 class=\"elementor-heading-title elementor-size-default\">M\u00e1gica<\/h2>\t\t\t\t<\/div>\n\t\t\t\t<\/div>\n\t\t\t\t\t<\/div>\n\t\t\t\t<\/div>\n\t\t<div class=\"elementor-element elementor-element-e7e1a6c e-flex e-con-boxed e-con e-parent\" data-id=\"e7e1a6c\" data-element_type=\"container\" data-settings=\"{&quot;background_background&quot;:&quot;classic&quot;}\">\n\t\t\t\t\t<div class=\"e-con-inner\">\n\t\t\t\t<div class=\"elementor-element elementor-element-8414a43 elementor-widget elementor-widget-text-editor\" data-id=\"8414a43\" data-element_type=\"widget\" data-widget_type=\"text-editor.default\">\n\t\t\t\t<div class=\"elementor-widget-container\">\n\t\t\t\t\t\t\t\t\t<ul><li><del>Submiss\u00e3o at\u00e9 07 de julho 2024\u00a0\u00a0<\/del><\/li><li><del><span style=\"font-weight: 400;\">Notifica\u00e7\u00e3o prevista para 29 de julho 2024\u00a0<\/span><\/del><\/li><li><del>Submiss\u00e3o do camera-ready:\u00a0 05 de agosto 2024\u00a0<\/del><\/li><li>Apresenta\u00e7\u00e3o ser\u00e1 durante o evento 30\/09 -03\/10\/2024<\/li><\/ul>\t\t\t\t\t\t\t\t<\/div>\n\t\t\t\t<\/div>\n\t\t\t\t\t<\/div>\n\t\t\t\t<\/div>\n\t\t<div class=\"elementor-element elementor-element-aa7ddda e-flex e-con-boxed e-con e-parent\" data-id=\"aa7ddda\" data-element_type=\"container\">\n\t\t\t\t\t<div class=\"e-con-inner\">\n\t\t<div class=\"elementor-element elementor-element-950108b e-flex e-con-boxed e-con e-child\" data-id=\"950108b\" data-element_type=\"container\">\n\t\t\t\t\t<div class=\"e-con-inner\">\n\t\t\t\t<div class=\"elementor-element elementor-element-96622e8 elementor-widget elementor-widget-text-editor\" data-id=\"96622e8\" data-element_type=\"widget\" data-widget_type=\"text-editor.default\">\n\t\t\t\t<div class=\"elementor-widget-container\">\n\t\t\t\t\t\t\t\t\t<h3><b>Games na Gradua\u00e7\u00e3o e na Educa\u00e7\u00e3o B\u00e1sica<\/b><\/h3><p><span style=\"font-weight: 400;\">O M\u00c1GICA\u00a0 \u2013 workshop de games na Gradua\u00e7\u00e3o e na educa\u00e7\u00e3o b\u00e1sica \u2013 \u00e9 uma atividade do SBGames na sua nona edi\u00e7\u00e3o neste ano e quarta edi\u00e7\u00e3o com jovens da Educa\u00e7\u00e3o B\u00e1sica. \u00c9 um evento voltado para estudantes de Cursos de Gradua\u00e7\u00e3o (Bacharelado, Licenciatura, Tecnol\u00f3gico) ou da Educa\u00e7\u00e3o B\u00e1sica (Ensino Fundamental I, Ensino Fundamental II e Ensino M\u00e9dio) conforme abaixo:<\/span><\/p><p><b>Gradua\u00e7\u00e3o <\/b><span style=\"font-weight: 400;\">\u2013 Estudantes que est\u00e3o cursando a Gradua\u00e7\u00e3o (ou que tenham conclu\u00eddo o curso em 2023 ou no primeiro semestre de 2024, ou seja, at\u00e9 31 de Junho de 2024) e que tenham desenvolvido trabalhos relacionados a Jogos Digitais, tais como <\/span><i><span style=\"font-weight: 400;\">Prot\u00f3tipos Iniciais<\/span><\/i><span style=\"font-weight: 400;\">, <\/span><i><span style=\"font-weight: 400;\">Ideias Inovadoras<\/span><\/i><span style=\"font-weight: 400;\">, <\/span><i><span style=\"font-weight: 400;\">Trabalhos de Conclus\u00e3o de Curso (TCC)<\/span><\/i><span style=\"font-weight: 400;\">, <\/span><i><span style=\"font-weight: 400;\">Projetos Integrados<\/span><\/i><span style=\"font-weight: 400;\">, <\/span><i><span style=\"font-weight: 400;\">Inicia\u00e7\u00e3o Cient\u00edfica (IC)<\/span><\/i><span style=\"font-weight: 400;\"> ou <\/span><i><span style=\"font-weight: 400;\">Trabalhos Completos de Disciplinas<\/span><\/i><span style=\"font-weight: 400;\"> que apresentem resultados concretos;<\/span><\/p><p><b>Educa\u00e7\u00e3o B\u00e1sica<\/b><span style=\"font-weight: 400;\"> \u2013 Estudantes que j\u00e1 tiveram a oportunidade de pesquisar e desenvolver algum jogo digital para um projeto ou disciplina escolar com o(s) professor(es).<\/span><\/p><p><b>O M\u00c1GICA busca promover um contato inicial, bem como a aproxima\u00e7\u00e3o dos estudantes com especialistas na \u00e1rea de jogos e entretenimento digital.\u00a0<\/b><\/p><p><span style=\"font-weight: 400;\">Com rela\u00e7\u00e3o aos trabalhos submetidos, estes podem ser individuais ou em grupo e requerem um professor como respons\u00e1vel e coautor. Os artigos selecionados ser\u00e3o publicados e apresentados no SBGames 2024.<\/span><\/p><p><span style=\"font-weight: 400;\">Venha para o Workshop M\u00c1GICA e mude de n\u00edvel!<\/span><\/p><p><b>Chamada de Participa\u00e7\u00e3o<\/b><\/p><p><span style=\"font-weight: 400;\">As submiss\u00f5es podem ser realizadas em portugu\u00eas, ingl\u00eas ou espanhol, seguindo as diretrizes apresentadas a seguir. Os nomes dos autores, bem como do orientador e do coorientador, ou mesmo colaboradores, devem ser inclu\u00eddos nos artigos submetidos. Destaca-se que o(s) estudante(s) deve(m) figurar como o(s) primeiro(s) autor(es), sendo o orientador\/professor o \u00faltimo autor.\u00a0<\/span><\/p><p><span style=\"font-weight: 400;\">Devem ser submetidos obrigatoriamente os seguintes arquivos:<\/span><\/p><ol><li style=\"font-weight: 400;\" aria-level=\"1\"><b>White Paper:<\/b><span style=\"font-weight: 400;\"> Deve ser enviado um arquivo de apresenta\u00e7\u00e3o do software, em formato white paper. O arquivo deve ser enviado no formato PDF. O modelo \u00e9 de livre escolha dos autores, podendo seguir a identidade visual do software apresentado, se pede que somente o cabe\u00e7alho do trabalho mantenha o formato dos artigos da SBC, (t\u00edtulo do trabalho, autores, emails e filia\u00e7\u00e3o). O arquivo deve conter o m\u00e1ximo de 4 (quatro) p\u00e1ginas, e pode ter uma p\u00e1gina extra com refer\u00eancias. Recomenda-se que o texto contenha os seguintes t\u00f3picos:\u00a0<\/span><\/li><\/ol><ul><li style=\"font-weight: 400;\" aria-level=\"1\"><span style=\"font-weight: 400;\">Resumo do trabalho: um texto curto que deve apresentar um contexto, o que \u00e9 o trabalho e sua finalidade, metodologia ou processo e resultados existentes\/conclus\u00f5es;<\/span><\/li><li style=\"font-weight: 400;\" aria-level=\"1\"><span style=\"font-weight: 400;\">Contexto a que o software se destina (Ex: p\u00fablico alvo, \u00e1reas de conhecimento, conte\u00fado conceitual, procedimental e\/ou social abordado, etc);\u00a0<\/span><\/li><li style=\"font-weight: 400;\" aria-level=\"1\"><span style=\"font-weight: 400;\">Trabalhos correlatos<\/span><\/li><li style=\"font-weight: 400;\" aria-level=\"1\"><span style=\"font-weight: 400;\">O objetivo do software;<\/span><\/li><li style=\"font-weight: 400;\" aria-level=\"1\"><span style=\"font-weight: 400;\">Diferenciais e potenciais inova\u00e7\u00f5es que o software apresenta;<\/span><\/li><li style=\"font-weight: 400;\" aria-level=\"1\"><span style=\"font-weight: 400;\">Aspectos tecnol\u00f3gicos (arquitetura, linguagens, frameworks, tipo de licen\u00e7a etc.);<\/span><\/li><li style=\"font-weight: 400;\" aria-level=\"1\"><span style=\"font-weight: 400;\">Apresenta\u00e7\u00e3o do software (capturas de tela, fluxos de utiliza\u00e7\u00e3o etc.)<\/span><\/li><li style=\"font-weight: 400;\" aria-level=\"1\"><span style=\"font-weight: 400;\">Considera\u00e7\u00f5es finais: conclus\u00f5es e outras informa\u00e7\u00f5es que os autores acham pertinentes.<\/span><\/li><\/ul><p><span style=\"font-weight: 400;\">P.S: Na fundamenta\u00e7\u00e3o do artigo, sugere-se que os autores busquem analisar trabalhos correlatos nos Anais (<\/span><i><span style=\"font-weight: 400;\">Proceedings<\/span><\/i><span style=\"font-weight: 400;\">) das edi\u00e7\u00f5es anteriores do SBGames.<\/span><\/p><ol><li style=\"font-weight: 400;\" aria-level=\"1\"><b>V\u00eddeo de apresenta\u00e7\u00e3o do jogo (instru\u00e7\u00f5es): <\/b><span style=\"font-weight: 400;\">Juntamente com o arquivo de descri\u00e7\u00e3o do trabalho (White Paper) deve ser encaminhado, via jems, um arquivo de v\u00eddeo sobre o seu jogo que contenha a demonstra\u00e7\u00e3o do mesmo. Embora n\u00e3o existam regras espec\u00edficas, abaixo seguem algumas dicas que podem ser \u00fateis nesse contexto.<\/span><\/li><\/ol><p><span style=\"font-weight: 400;\">Dicas para a cria\u00e7\u00e3o do seu v\u00eddeo :<\/span><\/p><ul><li style=\"font-weight: 400;\" aria-level=\"1\"><span style=\"font-weight: 400;\">Deixe claro o tema central (a cria\u00e7\u00e3o de um jogo digital, de tabuleiro, card game, etc.) e o grau de escolaridade de seus criadores.<\/span><\/li><li style=\"font-weight: 400;\" aria-level=\"1\"><span style=\"font-weight: 400;\">Objetivos do V\u00eddeo:<\/span><\/li><li style=\"font-weight: 400;\" aria-level=\"1\"><span style=\"font-weight: 400;\">Explicar o conceito e as inspira\u00e7\u00f5es do jogo;<\/span><\/li><li style=\"font-weight: 400;\" aria-level=\"1\"><span style=\"font-weight: 400;\">Descrever o processo de desenvolvimento, incluindo desafios e solu\u00e7\u00f5es criativas;<\/span><\/li><li style=\"font-weight: 400;\" aria-level=\"1\"><span style=\"font-weight: 400;\">Apresentar uma demonstra\u00e7\u00e3o ou resultados do jogo;<\/span><\/li><li style=\"font-weight: 400;\" aria-level=\"1\"><span style=\"font-weight: 400;\">Discutir a aprendizagem obtida atrav\u00e9s do desenvolvimento projeto;<\/span><\/li><\/ul><p><span style=\"font-weight: 400;\">Os autores de trabalhos selecionados receber\u00e3o instru\u00e7\u00f5es para a prepara\u00e7\u00e3o das apresenta\u00e7\u00f5es ap\u00f3s a notifica\u00e7\u00e3o de aceite. Adiantamos que os trabalhos ser\u00e3o apresentados em duas modalidades, banner e apresenta\u00e7\u00e3o oral do trabalho.<\/span><\/p><p><b>Pol\u00edtica de Submiss\u00e3o<\/b><\/p><p><span style=\"font-weight: 400;\">N\u00e3o \u00e9 permitida a submiss\u00e3o simult\u00e2nea de trabalhos, ou seja, submeter o mesmo artigo para as trilhas principais e demais atividades do evento e para o M\u00c1GICA. Isso implica na rejei\u00e7\u00e3o autom\u00e1tica do artigo. N\u00e3o ser\u00e3o aceitos trabalhos submetidos sem um professor como respons\u00e1vel e coautor. N\u00e3o \u00e9 permitida a inclus\u00e3o posterior de autores e ao menos um dos autores tem que atender ao crit\u00e9rio de ser estudante de educa\u00e7\u00e3o b\u00e1sica, estudante de gradua\u00e7\u00e3o ou estudante rec\u00e9m-formado (no final de 2022 ou no primeiro semestre de 2023).\u00a0<\/span><\/p>\t\t\t\t\t\t\t\t<\/div>\n\t\t\t\t<\/div>\n\t\t<div class=\"elementor-element elementor-element-165a26b e-flex e-con-boxed e-con e-child\" data-id=\"165a26b\" data-element_type=\"container\">\n\t\t\t\t\t<div class=\"e-con-inner\">\n\t\t\t\t<div class=\"elementor-element elementor-element-09abf4f elementor-widget elementor-widget-button\" data-id=\"09abf4f\" data-element_type=\"widget\" data-widget_type=\"button.default\">\n\t\t\t\t<div class=\"elementor-widget-container\">\n\t\t\t\t\t\t\t\t\t<div class=\"elementor-button-wrapper\">\n\t\t\t\t\t<a class=\"elementor-button elementor-button-link elementor-size-sm\" href=\"https:\/\/docs.google.com\/document\/d\/1Jjd6Kpt40MBHcE9FA-EOkS4O9G24l-cL\/edit\">\n\t\t\t\t\t\t<span class=\"elementor-button-content-wrapper\">\n\t\t\t\t\t\t\t\t\t<span class=\"elementor-button-text\">Manual para autores<\/span>\n\t\t\t\t\t<\/span>\n\t\t\t\t\t<\/a>\n\t\t\t\t<\/div>\n\t\t\t\t\t\t\t\t<\/div>\n\t\t\t\t<\/div>\n\t\t\t\t\t<\/div>\n\t\t\t\t<\/div>\n\t\t<div class=\"elementor-element elementor-element-cf799cc e-flex e-con-boxed e-con e-child\" data-id=\"cf799cc\" data-element_type=\"container\" data-settings=\"{&quot;background_background&quot;:&quot;classic&quot;}\">\n\t\t\t\t\t<div class=\"e-con-inner\">\n\t\t\t\t<div class=\"elementor-element elementor-element-513317e elementor-widget elementor-widget-heading\" data-id=\"513317e\" data-element_type=\"widget\" data-widget_type=\"heading.default\">\n\t\t\t\t<div class=\"elementor-widget-container\">\n\t\t\t\t\t<h1 class=\"elementor-heading-title elementor-size-default\">SBGames 2024 <span style=\"font-weight: normal\">Co-Coordenadores<\/span><\/h1>\t\t\t\t<\/div>\n\t\t\t\t<\/div>\n\t\t<div class=\"elementor-element elementor-element-5a03c98 e-flex e-con-boxed e-con e-child\" data-id=\"5a03c98\" data-element_type=\"container\">\n\t\t\t\t\t<div class=\"e-con-inner\">\n\t\t<div class=\"elementor-element elementor-element-de29f5a e-flex e-con-boxed e-con e-child\" data-id=\"de29f5a\" data-element_type=\"container\">\n\t\t\t\t\t<div class=\"e-con-inner\">\n\t\t\t\t<div class=\"elementor-element elementor-element-3234236 elementor-widget__width-initial elementor-widget elementor-widget-image\" data-id=\"3234236\" data-element_type=\"widget\" data-widget_type=\"image.default\">\n\t\t\t\t<div class=\"elementor-widget-container\">\n\t\t\t\t\t\t\t\t\t\t\t\t\t\t\t<img decoding=\"async\" src=\"https:\/\/sbgames.org\/sbgames2024\/wp-content\/uploads\/elementor\/thumbs\/Icon-awesome-user-circle@2x-qkhtpbq4fvg677ae8g0l9mb0yq6nj94aoars0hic2u.png\" title=\"Icon awesome-user-circle@2x\" alt=\"Icon awesome-user-circle@2x\" loading=\"lazy\" \/>\t\t\t\t\t\t\t\t\t\t\t\t\t\t\t<\/div>\n\t\t\t\t<\/div>\n\t\t\t\t<div class=\"elementor-element elementor-element-a27a269 elementor-widget elementor-widget-heading\" data-id=\"a27a269\" data-element_type=\"widget\" data-widget_type=\"heading.default\">\n\t\t\t\t<div class=\"elementor-widget-container\">\n\t\t\t\t\t<h2 class=\"elementor-heading-title elementor-size-default\">Fernanda <span style=\"font-weight: normal\"> Gabriela de Sousa Pires<\/span> <\/h2>\t\t\t\t<\/div>\n\t\t\t\t<\/div>\n\t\t\t\t\t<\/div>\n\t\t\t\t<\/div>\n\t\t<div class=\"elementor-element elementor-element-664f5c6 e-flex e-con-boxed e-con e-child\" data-id=\"664f5c6\" data-element_type=\"container\">\n\t\t\t\t\t<div class=\"e-con-inner\">\n\t\t\t\t<div class=\"elementor-element elementor-element-551e9d7 elementor-widget__width-initial elementor-widget elementor-widget-image\" data-id=\"551e9d7\" data-element_type=\"widget\" data-widget_type=\"image.default\">\n\t\t\t\t<div class=\"elementor-widget-container\">\n\t\t\t\t\t\t\t\t\t\t\t\t\t\t\t<img fetchpriority=\"high\" decoding=\"async\" width=\"300\" height=\"300\" src=\"https:\/\/sbgames.org\/sbgames2024\/wp-content\/uploads\/2024\/02\/Icon-awesome-user-circle@2x-300x300.png\" class=\"attachment-medium size-medium wp-image-1907\" alt=\"\" srcset=\"https:\/\/sbgames.org\/sbgames2024\/wp-content\/uploads\/2024\/02\/Icon-awesome-user-circle@2x-300x300.png 300w, https:\/\/sbgames.org\/sbgames2024\/wp-content\/uploads\/2024\/02\/Icon-awesome-user-circle@2x-150x150.png 150w, https:\/\/sbgames.org\/sbgames2024\/wp-content\/uploads\/2024\/02\/elementor\/thumbs\/Icon-awesome-user-circle@2x-qkhtpbq4fvg677ae8g0l9mb0yq6nj94aoars0hic2u.png 279w, https:\/\/sbgames.org\/sbgames2024\/wp-content\/uploads\/2024\/02\/Icon-awesome-user-circle@2x.png 641w\" sizes=\"(max-width: 300px) 100vw, 300px\" \/>\t\t\t\t\t\t\t\t\t\t\t\t\t\t\t<\/div>\n\t\t\t\t<\/div>\n\t\t\t\t<div class=\"elementor-element elementor-element-795ee69 elementor-widget elementor-widget-heading\" data-id=\"795ee69\" data-element_type=\"widget\" data-widget_type=\"heading.default\">\n\t\t\t\t<div class=\"elementor-widget-container\">\n\t\t\t\t\t<h2 class=\"elementor-heading-title elementor-size-default\">Luma <span style=\"font-weight: normal\"> da Rocha Seixas <\/span> <\/h2>\t\t\t\t<\/div>\n\t\t\t\t<\/div>\n\t\t\t\t\t<\/div>\n\t\t\t\t<\/div>\n\t\t\t\t\t<\/div>\n\t\t\t\t<\/div>\n\t\t\t\t\t<\/div>\n\t\t\t\t<\/div>\n\t\t\t\t\t<\/div>\n\t\t\t\t<\/div>\n\t\t<div class=\"elementor-element elementor-element-faf787b e-con-full e-flex e-con e-child\" data-id=\"faf787b\" data-element_type=\"container\">\n\t\t<div class=\"elementor-element elementor-element-52eeb7d e-flex e-con-boxed e-con e-child\" data-id=\"52eeb7d\" data-element_type=\"container\">\n\t\t\t\t\t<div class=\"e-con-inner\">\n\t\t<div class=\"elementor-element elementor-element-fa3d369 e-flex e-con-boxed e-con e-child\" data-id=\"fa3d369\" data-element_type=\"container\" data-settings=\"{&quot;background_background&quot;:&quot;classic&quot;}\">\n\t\t\t\t\t<div class=\"e-con-inner\">\n\t\t\t\t<div class=\"elementor-element elementor-element-106179c elementor-widget elementor-widget-button\" data-id=\"106179c\" data-element_type=\"widget\" data-widget_type=\"button.default\">\n\t\t\t\t<div class=\"elementor-widget-container\">\n\t\t\t\t\t\t\t\t\t<div class=\"elementor-button-wrapper\">\n\t\t\t\t\t<a class=\"elementor-button elementor-button-link elementor-size-sm\" href=\"https:\/\/docs.google.com\/document\/d\/1Jjd6Kpt40MBHcE9FA-EOkS4O9G24l-cL\/edit\" target=\"_blank\">\n\t\t\t\t\t\t<span class=\"elementor-button-content-wrapper\">\n\t\t\t\t\t\t\t\t\t<span class=\"elementor-button-text\">Manual para autores<\/span>\n\t\t\t\t\t<\/span>\n\t\t\t\t\t<\/a>\n\t\t\t\t<\/div>\n\t\t\t\t\t\t\t\t<\/div>\n\t\t\t\t<\/div>\n\t\t\t\t\t<\/div>\n\t\t\t\t<\/div>\n\t\t<div class=\"elementor-element elementor-element-9ec8529 e-flex e-con-boxed e-con e-child\" data-id=\"9ec8529\" data-element_type=\"container\" data-settings=\"{&quot;background_background&quot;:&quot;classic&quot;}\">\n\t\t\t\t\t<div class=\"e-con-inner\">\n\t\t\t\t<div class=\"elementor-element elementor-element-74dc101 elementor-widget elementor-widget-button\" data-id=\"74dc101\" data-element_type=\"widget\" data-widget_type=\"button.default\">\n\t\t\t\t<div class=\"elementor-widget-container\">\n\t\t\t\t\t\t\t\t\t<div class=\"elementor-button-wrapper\">\n\t\t\t\t\t<a class=\"elementor-button elementor-button-link elementor-size-sm\" href=\"#revisores\">\n\t\t\t\t\t\t<span class=\"elementor-button-content-wrapper\">\n\t\t\t\t\t\t\t\t\t<span class=\"elementor-button-text\">REVISORES<\/span>\n\t\t\t\t\t<\/span>\n\t\t\t\t\t<\/a>\n\t\t\t\t<\/div>\n\t\t\t\t\t\t\t\t<\/div>\n\t\t\t\t<\/div>\n\t\t\t\t\t<\/div>\n\t\t\t\t<\/div>\n\t\t<div class=\"elementor-element elementor-element-15a90d5 e-flex e-con-boxed e-con e-child\" data-id=\"15a90d5\" data-element_type=\"container\" data-settings=\"{&quot;background_background&quot;:&quot;classic&quot;}\">\n\t\t\t\t\t<div class=\"e-con-inner\">\n\t\t\t\t<div class=\"elementor-element elementor-element-d67b161 elementor-widget elementor-widget-button\" data-id=\"d67b161\" data-element_type=\"widget\" data-widget_type=\"button.default\">\n\t\t\t\t<div class=\"elementor-widget-container\">\n\t\t\t\t\t\t\t\t\t<div class=\"elementor-button-wrapper\">\n\t\t\t\t\t<a class=\"elementor-button elementor-button-link elementor-size-sm\" href=\"#\">\n\t\t\t\t\t\t<span class=\"elementor-button-content-wrapper\">\n\t\t\t\t\t\t\t\t\t<span class=\"elementor-button-text\">BEST PAPERS<\/span>\n\t\t\t\t\t<\/span>\n\t\t\t\t\t<\/a>\n\t\t\t\t<\/div>\n\t\t\t\t\t\t\t\t<\/div>\n\t\t\t\t<\/div>\n\t\t\t\t\t<\/div>\n\t\t\t\t<\/div>\n\t\t<div class=\"elementor-element elementor-element-a789307 e-flex e-con-boxed e-con e-child\" data-id=\"a789307\" data-element_type=\"container\" data-settings=\"{&quot;background_background&quot;:&quot;classic&quot;}\">\n\t\t\t\t\t<div class=\"e-con-inner\">\n\t\t\t\t<div class=\"elementor-element elementor-element-1d56260 elementor-widget elementor-widget-button\" data-id=\"1d56260\" data-element_type=\"widget\" data-widget_type=\"button.default\">\n\t\t\t\t<div class=\"elementor-widget-container\">\n\t\t\t\t\t\t\t\t\t<div class=\"elementor-button-wrapper\">\n\t\t\t\t\t<a class=\"elementor-button elementor-button-link elementor-size-sm\" href=\"https:\/\/jems.sbc.org.br\/home.cgi?c=4553\" target=\"_blank\">\n\t\t\t\t\t\t<span class=\"elementor-button-content-wrapper\">\n\t\t\t\t\t\t\t\t\t<span class=\"elementor-button-text\">SUBMETER<\/span>\n\t\t\t\t\t<\/span>\n\t\t\t\t\t<\/a>\n\t\t\t\t<\/div>\n\t\t\t\t\t\t\t\t<\/div>\n\t\t\t\t<\/div>\n\t\t\t\t\t<\/div>\n\t\t\t\t<\/div>\n\t\t\t\t\t<\/div>\n\t\t\t\t<\/div>\n\t\t\t\t<\/div>\n\t\t\t\t\t<\/div>\n\t\t\t\t<\/div>\n\t\t\t\t<\/div>\n\t\t","protected":false},"excerpt":{"rendered":"<p>M\u00e1gica Submiss\u00e3o at\u00e9 07 de julho 2024\u00a0\u00a0 Notifica\u00e7\u00e3o prevista para 29 de julho 2024\u00a0 Submiss\u00e3o do camera-ready:\u00a0 05 de agosto 2024\u00a0 Apresenta\u00e7\u00e3o ser\u00e1 durante o evento 30\/09 -03\/10\/2024 Games na Gradua\u00e7\u00e3o e na Educa\u00e7\u00e3o B\u00e1sica O M\u00c1GICA\u00a0 \u2013 workshop de games na Gradua\u00e7\u00e3o e na educa\u00e7\u00e3o b\u00e1sica \u2013 \u00e9 uma atividade do SBGames na sua [&hellip;]<\/p>\n","protected":false},"author":1,"featured_media":0,"parent":0,"menu_order":0,"comment_status":"closed","ping_status":"closed","template":"","meta":{"site-sidebar-layout":"no-sidebar","site-content-layout":"page-builder","ast-site-content-layout":"full-width-container","site-content-style":"default","site-sidebar-style":"default","ast-global-header-display":"","ast-banner-title-visibility":"","ast-main-header-display":"","ast-hfb-above-header-display":"","ast-hfb-below-header-display":"","ast-hfb-mobile-header-display":"","site-post-title":"disabled","ast-breadcrumbs-content":"","ast-featured-img":"disabled","footer-sml-layout":"","theme-transparent-header-meta":"","adv-header-id-meta":"","stick-header-meta":"","header-above-stick-meta":"","header-main-stick-meta":"","header-below-stick-meta":"","astra-migrate-meta-layouts":"set","ast-page-background-enabled":"default","ast-page-background-meta":{"desktop":{"background-color":"","background-image":"","background-repeat":"repeat","background-position":"center center","background-size":"auto","background-attachment":"scroll","background-type":"","background-media":"","overlay-type":"","overlay-color":"","overlay-gradient":""},"tablet":{"background-color":"","background-image":"","background-repeat":"repeat","background-position":"center center","background-size":"auto","background-attachment":"scroll","background-type":"","background-media":"","overlay-type":"","overlay-color":"","overlay-gradient":""},"mobile":{"background-color":"","background-image":"","background-repeat":"repeat","background-position":"center center","background-size":"auto","background-attachment":"scroll","background-type":"","background-media":"","overlay-type":"","overlay-color":"","overlay-gradient":""}},"ast-content-background-meta":{"desktop":{"background-color":"var(--ast-global-color-5)","background-image":"","background-repeat":"repeat","background-position":"center center","background-size":"auto","background-attachment":"scroll","background-type":"","background-media":"","overlay-type":"","overlay-color":"","overlay-gradient":""},"tablet":{"background-color":"var(--ast-global-color-5)","background-image":"","background-repeat":"repeat","background-position":"center center","background-size":"auto","background-attachment":"scroll","background-type":"","background-media":"","overlay-type":"","overlay-color":"","overlay-gradient":""},"mobile":{"background-color":"var(--ast-global-color-5)","background-image":"","background-repeat":"repeat","background-position":"center center","background-size":"auto","background-attachment":"scroll","background-type":"","background-media":"","overlay-type":"","overlay-color":"","overlay-gradient":""}},"footnotes":""},"class_list":["post-2790","page","type-page","status-publish","hentry"],"_links":{"self":[{"href":"https:\/\/sbgames.org\/sbgames2024\/wp-json\/wp\/v2\/pages\/2790","targetHints":{"allow":["GET"]}}],"collection":[{"href":"https:\/\/sbgames.org\/sbgames2024\/wp-json\/wp\/v2\/pages"}],"about":[{"href":"https:\/\/sbgames.org\/sbgames2024\/wp-json\/wp\/v2\/types\/page"}],"author":[{"embeddable":true,"href":"https:\/\/sbgames.org\/sbgames2024\/wp-json\/wp\/v2\/users\/1"}],"replies":[{"embeddable":true,"href":"https:\/\/sbgames.org\/sbgames2024\/wp-json\/wp\/v2\/comments?post=2790"}],"version-history":[{"count":16,"href":"https:\/\/sbgames.org\/sbgames2024\/wp-json\/wp\/v2\/pages\/2790\/revisions"}],"predecessor-version":[{"id":3948,"href":"https:\/\/sbgames.org\/sbgames2024\/wp-json\/wp\/v2\/pages\/2790\/revisions\/3948"}],"wp:attachment":[{"href":"https:\/\/sbgames.org\/sbgames2024\/wp-json\/wp\/v2\/media?parent=2790"}],"curies":[{"name":"wp","href":"https:\/\/api.w.org\/{rel}","templated":true}]}}