{"id":2727,"date":"2024-05-09T21:23:33","date_gmt":"2024-05-09T21:23:33","guid":{"rendered":"https:\/\/sbgames.org\/sbgames2024\/?page_id=2727"},"modified":"2024-09-26T23:52:07","modified_gmt":"2024-09-26T23:52:07","slug":"tutoriais","status":"publish","type":"page","link":"https:\/\/sbgames.org\/sbgames2024\/tutoriais\/","title":{"rendered":"Tutoriais"},"content":{"rendered":"\t\t<div data-elementor-type=\"wp-page\" data-elementor-id=\"2727\" class=\"elementor elementor-2727\">\n\t\t\t\t<div class=\"elementor-element elementor-element-8dbda00 e-flex e-con-boxed e-con e-parent\" data-id=\"8dbda00\" data-element_type=\"container\" data-settings=\"{&quot;background_background&quot;:&quot;classic&quot;}\">\n\t\t\t\t\t<div class=\"e-con-inner\">\n\t\t\t\t<div class=\"elementor-element elementor-element-3c28dc2 elementor-widget elementor-widget-heading\" data-id=\"3c28dc2\" data-element_type=\"widget\" data-widget_type=\"heading.default\">\n\t\t\t\t<div class=\"elementor-widget-container\">\n\t\t\t\t\t<h2 class=\"elementor-heading-title elementor-size-default\">TUTORIAIS<\/h2>\t\t\t\t<\/div>\n\t\t\t\t<\/div>\n\t\t\t\t\t<\/div>\n\t\t\t\t<\/div>\n\t\t<div class=\"elementor-element elementor-element-e7e1a6c e-flex e-con-boxed e-con e-parent\" data-id=\"e7e1a6c\" data-element_type=\"container\" data-settings=\"{&quot;background_background&quot;:&quot;classic&quot;}\">\n\t\t\t\t\t<div class=\"e-con-inner\">\n\t\t\t\t<div class=\"elementor-element elementor-element-8414a43 elementor-widget elementor-widget-text-editor\" data-id=\"8414a43\" data-element_type=\"widget\" data-widget_type=\"text-editor.default\">\n\t\t\t\t<div class=\"elementor-widget-container\">\n\t\t\t\t\t\t\t\t\t<ul><li><del>Prazo de Submiss\u00e3o:\u00a0 19\/07\/2024<\/del><\/li><\/ul>\t\t\t\t\t\t\t\t<\/div>\n\t\t\t\t<\/div>\n\t\t\t\t\t<\/div>\n\t\t\t\t<\/div>\n\t\t<div class=\"elementor-element elementor-element-aa7ddda e-flex e-con-boxed e-con e-parent\" data-id=\"aa7ddda\" data-element_type=\"container\">\n\t\t\t\t\t<div class=\"e-con-inner\">\n\t\t<div class=\"elementor-element elementor-element-950108b e-con-full e-flex e-con e-child\" data-id=\"950108b\" data-element_type=\"container\">\n\t\t\t\t<div class=\"elementor-element elementor-element-96622e8 elementor-widget elementor-widget-text-editor\" data-id=\"96622e8\" data-element_type=\"widget\" data-widget_type=\"text-editor.default\">\n\t\t\t\t<div class=\"elementor-widget-container\">\n\t\t\t\t\t\t\t\t\t<h3><span style=\"font-style: inherit;\">Chamada para Tutoriais do SBGAMES 2024<\/span><\/h3><p><span style=\"font-weight: 400;\">Os Tutoriais representam uma das atividades mais importantes do SBGames, o maior e mais importante evento de jogos e entretenimento digital da Am\u00e9rica Latina, realizado pela Sociedade Brasileira de Computa\u00e7\u00e3o (SBC). O SBGames conta com a presen\u00e7a de cientistas, artistas, designers, professores e estudantes de faculdades, universidades, centros de pesquisa e da ind\u00fastria de jogos. Os tutoriais representam uma grande oportunidade para se ter um momento de troca de experi\u00eancia entre profissionais, pesquisadores e comunidade.\u00a0<\/span><\/p><p>Neste ano de 2024, a atividade de Tutoriais poder\u00e1 ocorrer nas seguintes modalidades: presencial e online s\u00edncrono (live no Youtube ou outra plataforma alternativa).<\/p><p><span style=\"font-weight: 400;\">Na modalidade presencial, os autores apresentar\u00e3o, na cidade de Manaus (AM) o seu tutorial. <\/span><span style=\"font-weight: 400;\">Os autores que optarem pela modalidade online apresentar\u00e3o os tutoriais antes do evento, em dias e hor\u00e1rios a serem combinados com a coordena\u00e7\u00e3o desta atividade.<\/span><\/p><p><b>Submiss\u00e3o<\/b><span style=\"font-weight: 400;\">:<\/span><\/p><ul><li style=\"font-weight: 400;\" aria-level=\"1\"><span style=\"font-weight: 400;\">As propostas de tutoriais podem ser escritas em ingl\u00eas ou portugu\u00eas, tendo no m\u00e1ximo quatro p\u00e1ginas e devem conter as seguintes informa\u00e7\u00f5es, nesta ordem:<\/span><\/li><li style=\"font-weight: 400;\" aria-level=\"1\"><span style=\"font-weight: 400;\">T\u00edtulo do tutorial;<\/span><\/li><li style=\"font-weight: 400;\" aria-level=\"1\"><span style=\"font-weight: 400;\">Autores: nome, e-mail, afilia\u00e7\u00e3o atual (empresa ou institui\u00e7\u00e3o de ensino), titula\u00e7\u00e3o acad\u00eamica mais elevada (gradua\u00e7\u00e3o, mestrado, doutorado), breve biografia (m\u00e1ximo 150 palavras), experi\u00eancia sobre o tema do tutorial, link do Curr\u00edculo Lattes (opcional);<\/span><\/li><li style=\"font-weight: 400;\" aria-level=\"1\"><span style=\"font-weight: 400;\">N\u00edvel do tutorial: b\u00e1sico, intermedi\u00e1rio ou avan\u00e7ado;<\/span><\/li><li style=\"font-weight: 400;\" aria-level=\"1\">Modalidade: presencial ou online s\u00edncrona;<\/li><li style=\"font-weight: 400;\" aria-level=\"1\"><span style=\"font-weight: 400;\">Dura\u00e7\u00e3o: uma ou duas horas;<\/span><\/li><li style=\"font-weight: 400;\" aria-level=\"1\"><span style=\"font-weight: 400;\">Estrutura necess\u00e1ria: sala de aula ou audit\u00f3rio, laborat\u00f3rio (com quantidade de computadores), necessita de inscri\u00e7\u00f5es por formul\u00e1rio, recursos de proje\u00e7\u00e3o, quantidade m\u00ednima e m\u00e1xima de participantes do tutorial, etc.<\/span><\/li><li style=\"font-weight: 400;\" aria-level=\"1\"><span style=\"font-weight: 400;\">Descri\u00e7\u00e3o da proposta, contendo o objetivo principal, lista de t\u00f3picos a serem abordados, dura\u00e7\u00e3o em horas e metodologia;<\/span><\/li><li style=\"font-weight: 400;\" aria-level=\"1\"><span style=\"font-weight: 400;\">Motiva\u00e7\u00e3o: contendo p\u00fablico-alvo e interesse do p\u00fablico no tutorial;<\/span><\/li><\/ul><p><span style=\"font-weight: 400;\">&#8220;As propostas devem ser submetidas atrav\u00e9s do sistema JEMS em arquivo PDF, seguindo o formato indicado no Manual para Autores, com no m\u00ednimo 2 e no m\u00e1ximo 4 p\u00e1ginas.&#8221;<\/span><\/p><p><span style=\"font-weight: 400;\">Sistema de submiss\u00e3o JEMS 1.0: https:\/\/submissoes.sbc.org.br\/<\/span><\/p><p><b>Datas Importantes<\/b><\/p><p><span style=\"font-weight: 400;\">Prazo de submiss\u00e3o de propostas de tutoriais: 19\/07\/2024<\/span><\/p><p><b>Orienta\u00e7\u00f5es<\/b><\/p><p><span style=\"font-weight: 400;\">\u00c9 obrigat\u00f3rio que ao menos um dos autores dos tutoriais aprovados se inscreva oficialmente no SBGames, com prazo de at\u00e9 quinze dias antes da realiza\u00e7\u00e3o do evento.<\/span><\/p><p><span style=\"font-weight: 400;\">Os tutoriais presenciais ocorrer\u00e3o durante os dias do evento.\u00a0<\/span><\/p><p><span style=\"font-weight: 400;\">Coordenadores da Atividade de Tutoriais do SBGames 2024<\/span><\/p><p><span style=\"font-weight: 400;\">Andr\u00e9 Brand\u00e3o (UFABC)<br \/><\/span><span style=\"font-style: inherit; font-weight: inherit;\">Elaine Oliveira (UFAM)<br \/><br \/><\/span><\/p><p><strong>Tutorial Trilhas Sonoras Adaptativas com FMOD: passos iniciais<\/strong><\/p><p>Recomendamos que tragam fones de ouvido para a participa\u00e7\u00e3o no tutorial Trilhas Sonoras Adaptativas com FMOD: passos iniciais, que contar\u00e1 com uma sess\u00e3o pr\u00e1tica de implementa\u00e7\u00e3o de uma trilha sonora com a ferramenta FMOD Studio. Embora n\u00e3o seja estritamente necess\u00e1rio, \u00e9 particularmente interessante que os participantes possam ouvir os \u00e1udios que ser\u00e3o manipulados na ferramenta para uma melhor experi\u00eancia. Esperamos por voc\u00eas no dia 30\/09, das 16:00 \u00e0s 18:00, no laborat\u00f3rio A23.<\/p><p>\u00a0<\/p>\t\t\t\t\t\t\t\t<\/div>\n\t\t\t\t<\/div>\n\t\t<div class=\"elementor-element elementor-element-165a26b e-flex e-con-boxed e-con e-child\" data-id=\"165a26b\" data-element_type=\"container\">\n\t\t\t\t\t<div class=\"e-con-inner\">\n\t\t\t\t<div class=\"elementor-element elementor-element-09abf4f elementor-widget elementor-widget-button\" data-id=\"09abf4f\" data-element_type=\"widget\" data-widget_type=\"button.default\">\n\t\t\t\t<div class=\"elementor-widget-container\">\n\t\t\t\t\t\t\t\t\t<div class=\"elementor-button-wrapper\">\n\t\t\t\t\t<a class=\"elementor-button elementor-button-link elementor-size-sm\" href=\"https:\/\/docs.google.com\/document\/d\/1Jjd6Kpt40MBHcE9FA-EOkS4O9G24l-cL\/edit\">\n\t\t\t\t\t\t<span class=\"elementor-button-content-wrapper\">\n\t\t\t\t\t\t\t\t\t<span class=\"elementor-button-text\">Manual para autores<\/span>\n\t\t\t\t\t<\/span>\n\t\t\t\t\t<\/a>\n\t\t\t\t<\/div>\n\t\t\t\t\t\t\t\t<\/div>\n\t\t\t\t<\/div>\n\t\t\t\t\t<\/div>\n\t\t\t\t<\/div>\n\t\t<div class=\"elementor-element elementor-element-cf799cc e-flex e-con-boxed e-con e-child\" data-id=\"cf799cc\" data-element_type=\"container\" data-settings=\"{&quot;background_background&quot;:&quot;classic&quot;}\">\n\t\t\t\t\t<div class=\"e-con-inner\">\n\t\t\t\t<div class=\"elementor-element elementor-element-513317e elementor-widget elementor-widget-heading\" data-id=\"513317e\" data-element_type=\"widget\" data-widget_type=\"heading.default\">\n\t\t\t\t<div class=\"elementor-widget-container\">\n\t\t\t\t\t<h1 class=\"elementor-heading-title elementor-size-default\">SBGames 2024 <span style=\"font-weight: normal\">Co-Coordenadores<\/span><\/h1>\t\t\t\t<\/div>\n\t\t\t\t<\/div>\n\t\t<div class=\"elementor-element elementor-element-5a03c98 e-flex e-con-boxed e-con e-child\" data-id=\"5a03c98\" data-element_type=\"container\">\n\t\t\t\t\t<div class=\"e-con-inner\">\n\t\t<div class=\"elementor-element elementor-element-de29f5a e-flex e-con-boxed e-con e-child\" data-id=\"de29f5a\" data-element_type=\"container\">\n\t\t\t\t\t<div class=\"e-con-inner\">\n\t\t\t\t<div class=\"elementor-element elementor-element-3234236 elementor-widget__width-initial elementor-widget elementor-widget-image\" data-id=\"3234236\" data-element_type=\"widget\" data-widget_type=\"image.default\">\n\t\t\t\t<div class=\"elementor-widget-container\">\n\t\t\t\t\t\t\t\t\t\t\t\t\t\t\t<img decoding=\"async\" src=\"https:\/\/sbgames.org\/sbgames2024\/wp-content\/uploads\/elementor\/thumbs\/Icon-awesome-user-circle@2x-qkhtpbq4fvg677ae8g0l9mb0yq6nj94aoars0hic2u.png\" title=\"Icon awesome-user-circle@2x\" alt=\"Icon awesome-user-circle@2x\" loading=\"lazy\" \/>\t\t\t\t\t\t\t\t\t\t\t\t\t\t\t<\/div>\n\t\t\t\t<\/div>\n\t\t\t\t<div class=\"elementor-element elementor-element-a27a269 elementor-widget elementor-widget-heading\" data-id=\"a27a269\" data-element_type=\"widget\" data-widget_type=\"heading.default\">\n\t\t\t\t<div class=\"elementor-widget-container\">\n\t\t\t\t\t<h2 class=\"elementor-heading-title elementor-size-default\">Andr\u00e9 <span style=\"font-weight: normal\"> Brand\u00e3o<\/span>  <\/h2>\t\t\t\t<\/div>\n\t\t\t\t<\/div>\n\t\t\t\t\t<\/div>\n\t\t\t\t<\/div>\n\t\t<div class=\"elementor-element elementor-element-664f5c6 e-flex e-con-boxed e-con e-child\" data-id=\"664f5c6\" data-element_type=\"container\">\n\t\t\t\t\t<div class=\"e-con-inner\">\n\t\t\t\t<div class=\"elementor-element elementor-element-551e9d7 elementor-widget__width-initial elementor-widget elementor-widget-image\" data-id=\"551e9d7\" data-element_type=\"widget\" data-widget_type=\"image.default\">\n\t\t\t\t<div class=\"elementor-widget-container\">\n\t\t\t\t\t\t\t\t\t\t\t\t\t\t\t<img fetchpriority=\"high\" decoding=\"async\" width=\"300\" height=\"300\" src=\"https:\/\/sbgames.org\/sbgames2024\/wp-content\/uploads\/2024\/02\/Icon-awesome-user-circle@2x-300x300.png\" class=\"attachment-medium size-medium wp-image-1907\" alt=\"\" srcset=\"https:\/\/sbgames.org\/sbgames2024\/wp-content\/uploads\/2024\/02\/Icon-awesome-user-circle@2x-300x300.png 300w, https:\/\/sbgames.org\/sbgames2024\/wp-content\/uploads\/2024\/02\/Icon-awesome-user-circle@2x-150x150.png 150w, https:\/\/sbgames.org\/sbgames2024\/wp-content\/uploads\/2024\/02\/elementor\/thumbs\/Icon-awesome-user-circle@2x-qkhtpbq4fvg677ae8g0l9mb0yq6nj94aoars0hic2u.png 279w, https:\/\/sbgames.org\/sbgames2024\/wp-content\/uploads\/2024\/02\/Icon-awesome-user-circle@2x.png 641w\" sizes=\"(max-width: 300px) 100vw, 300px\" \/>\t\t\t\t\t\t\t\t\t\t\t\t\t\t\t<\/div>\n\t\t\t\t<\/div>\n\t\t\t\t<div class=\"elementor-element elementor-element-795ee69 elementor-widget elementor-widget-heading\" data-id=\"795ee69\" data-element_type=\"widget\" data-widget_type=\"heading.default\">\n\t\t\t\t<div class=\"elementor-widget-container\">\n\t\t\t\t\t<h2 class=\"elementor-heading-title elementor-size-default\">Elaine<span style=\"font-weight: normal\"> Oliveira<\/span> <\/h2>\t\t\t\t<\/div>\n\t\t\t\t<\/div>\n\t\t\t\t\t<\/div>\n\t\t\t\t<\/div>\n\t\t\t\t\t<\/div>\n\t\t\t\t<\/div>\n\t\t\t\t\t<\/div>\n\t\t\t\t<\/div>\n\t\t\t\t<\/div>\n\t\t<div class=\"elementor-element elementor-element-faf787b e-con-full e-flex e-con e-child\" data-id=\"faf787b\" data-element_type=\"container\">\n\t\t<div class=\"elementor-element elementor-element-52eeb7d e-flex e-con-boxed e-con e-child\" data-id=\"52eeb7d\" data-element_type=\"container\">\n\t\t\t\t\t<div class=\"e-con-inner\">\n\t\t<div class=\"elementor-element elementor-element-fa3d369 e-flex e-con-boxed e-con e-child\" data-id=\"fa3d369\" data-element_type=\"container\" data-settings=\"{&quot;background_background&quot;:&quot;classic&quot;}\">\n\t\t\t\t\t<div class=\"e-con-inner\">\n\t\t\t\t<div class=\"elementor-element elementor-element-106179c elementor-widget elementor-widget-button\" data-id=\"106179c\" data-element_type=\"widget\" data-widget_type=\"button.default\">\n\t\t\t\t<div class=\"elementor-widget-container\">\n\t\t\t\t\t\t\t\t\t<div class=\"elementor-button-wrapper\">\n\t\t\t\t\t<a class=\"elementor-button elementor-button-link elementor-size-sm\" href=\"https:\/\/docs.google.com\/document\/d\/1Jjd6Kpt40MBHcE9FA-EOkS4O9G24l-cL\/edit\" target=\"_blank\">\n\t\t\t\t\t\t<span class=\"elementor-button-content-wrapper\">\n\t\t\t\t\t\t\t\t\t<span class=\"elementor-button-text\">Manual para autores<\/span>\n\t\t\t\t\t<\/span>\n\t\t\t\t\t<\/a>\n\t\t\t\t<\/div>\n\t\t\t\t\t\t\t\t<\/div>\n\t\t\t\t<\/div>\n\t\t\t\t\t<\/div>\n\t\t\t\t<\/div>\n\t\t<div class=\"elementor-element elementor-element-9ec8529 e-flex e-con-boxed e-con e-child\" data-id=\"9ec8529\" data-element_type=\"container\" data-settings=\"{&quot;background_background&quot;:&quot;classic&quot;}\">\n\t\t\t\t\t<div class=\"e-con-inner\">\n\t\t\t\t<div class=\"elementor-element elementor-element-74dc101 elementor-widget elementor-widget-button\" data-id=\"74dc101\" data-element_type=\"widget\" data-widget_type=\"button.default\">\n\t\t\t\t<div class=\"elementor-widget-container\">\n\t\t\t\t\t\t\t\t\t<div class=\"elementor-button-wrapper\">\n\t\t\t\t\t<a class=\"elementor-button elementor-button-link elementor-size-sm\" href=\"#revisores\">\n\t\t\t\t\t\t<span class=\"elementor-button-content-wrapper\">\n\t\t\t\t\t\t\t\t\t<span class=\"elementor-button-text\">REVISORES<\/span>\n\t\t\t\t\t<\/span>\n\t\t\t\t\t<\/a>\n\t\t\t\t<\/div>\n\t\t\t\t\t\t\t\t<\/div>\n\t\t\t\t<\/div>\n\t\t\t\t\t<\/div>\n\t\t\t\t<\/div>\n\t\t<div class=\"elementor-element elementor-element-15a90d5 e-flex e-con-boxed e-con e-child\" data-id=\"15a90d5\" data-element_type=\"container\" data-settings=\"{&quot;background_background&quot;:&quot;classic&quot;}\">\n\t\t\t\t\t<div class=\"e-con-inner\">\n\t\t\t\t<div class=\"elementor-element elementor-element-d67b161 elementor-widget elementor-widget-button\" data-id=\"d67b161\" data-element_type=\"widget\" data-widget_type=\"button.default\">\n\t\t\t\t<div class=\"elementor-widget-container\">\n\t\t\t\t\t\t\t\t\t<div class=\"elementor-button-wrapper\">\n\t\t\t\t\t<a class=\"elementor-button elementor-button-link elementor-size-sm\" href=\"#\">\n\t\t\t\t\t\t<span class=\"elementor-button-content-wrapper\">\n\t\t\t\t\t\t\t\t\t<span class=\"elementor-button-text\">BEST PAPERS<\/span>\n\t\t\t\t\t<\/span>\n\t\t\t\t\t<\/a>\n\t\t\t\t<\/div>\n\t\t\t\t\t\t\t\t<\/div>\n\t\t\t\t<\/div>\n\t\t\t\t\t<\/div>\n\t\t\t\t<\/div>\n\t\t<div class=\"elementor-element elementor-element-a789307 e-flex e-con-boxed e-con e-child\" data-id=\"a789307\" data-element_type=\"container\" data-settings=\"{&quot;background_background&quot;:&quot;classic&quot;}\">\n\t\t\t\t\t<div class=\"e-con-inner\">\n\t\t\t\t<div class=\"elementor-element elementor-element-1d56260 elementor-widget elementor-widget-button\" data-id=\"1d56260\" data-element_type=\"widget\" data-widget_type=\"button.default\">\n\t\t\t\t<div class=\"elementor-widget-container\">\n\t\t\t\t\t\t\t\t\t<div class=\"elementor-button-wrapper\">\n\t\t\t\t\t<a class=\"elementor-button elementor-button-link elementor-size-sm\" href=\"https:\/\/jems.sbc.org.br\/home.cgi?c=4553\" target=\"_blank\">\n\t\t\t\t\t\t<span class=\"elementor-button-content-wrapper\">\n\t\t\t\t\t\t\t\t\t<span class=\"elementor-button-text\">SUBMETER<\/span>\n\t\t\t\t\t<\/span>\n\t\t\t\t\t<\/a>\n\t\t\t\t<\/div>\n\t\t\t\t\t\t\t\t<\/div>\n\t\t\t\t<\/div>\n\t\t\t\t\t<\/div>\n\t\t\t\t<\/div>\n\t\t\t\t\t<\/div>\n\t\t\t\t<\/div>\n\t\t\t\t<\/div>\n\t\t\t\t\t<\/div>\n\t\t\t\t<\/div>\n\t\t\t\t<\/div>\n\t\t","protected":false},"excerpt":{"rendered":"<p>TUTORIAIS Prazo de Submiss\u00e3o:\u00a0 19\/07\/2024 Chamada para Tutoriais do SBGAMES 2024 Os Tutoriais representam uma das atividades mais importantes do SBGames, o maior e mais importante evento de jogos e entretenimento digital da Am\u00e9rica Latina, realizado pela Sociedade Brasileira de Computa\u00e7\u00e3o (SBC). O SBGames conta com a presen\u00e7a de cientistas, artistas, designers, professores e estudantes [&hellip;]<\/p>\n","protected":false},"author":1,"featured_media":0,"parent":0,"menu_order":0,"comment_status":"closed","ping_status":"closed","template":"","meta":{"site-sidebar-layout":"no-sidebar","site-content-layout":"page-builder","ast-site-content-layout":"full-width-container","site-content-style":"default","site-sidebar-style":"default","ast-global-header-display":"","ast-banner-title-visibility":"","ast-main-header-display":"","ast-hfb-above-header-display":"","ast-hfb-below-header-display":"","ast-hfb-mobile-header-display":"","site-post-title":"disabled","ast-breadcrumbs-content":"","ast-featured-img":"disabled","footer-sml-layout":"","theme-transparent-header-meta":"","adv-header-id-meta":"","stick-header-meta":"","header-above-stick-meta":"","header-main-stick-meta":"","header-below-stick-meta":"","astra-migrate-meta-layouts":"set","ast-page-background-enabled":"default","ast-page-background-meta":{"desktop":{"background-color":"","background-image":"","background-repeat":"repeat","background-position":"center center","background-size":"auto","background-attachment":"scroll","background-type":"","background-media":"","overlay-type":"","overlay-color":"","overlay-gradient":""},"tablet":{"background-color":"","background-image":"","background-repeat":"repeat","background-position":"center center","background-size":"auto","background-attachment":"scroll","background-type":"","background-media":"","overlay-type":"","overlay-color":"","overlay-gradient":""},"mobile":{"background-color":"","background-image":"","background-repeat":"repeat","background-position":"center center","background-size":"auto","background-attachment":"scroll","background-type":"","background-media":"","overlay-type":"","overlay-color":"","overlay-gradient":""}},"ast-content-background-meta":{"desktop":{"background-color":"var(--ast-global-color-5)","background-image":"","background-repeat":"repeat","background-position":"center center","background-size":"auto","background-attachment":"scroll","background-type":"","background-media":"","overlay-type":"","overlay-color":"","overlay-gradient":""},"tablet":{"background-color":"var(--ast-global-color-5)","background-image":"","background-repeat":"repeat","background-position":"center center","background-size":"auto","background-attachment":"scroll","background-type":"","background-media":"","overlay-type":"","overlay-color":"","overlay-gradient":""},"mobile":{"background-color":"var(--ast-global-color-5)","background-image":"","background-repeat":"repeat","background-position":"center center","background-size":"auto","background-attachment":"scroll","background-type":"","background-media":"","overlay-type":"","overlay-color":"","overlay-gradient":""}},"footnotes":""},"class_list":["post-2727","page","type-page","status-publish","hentry"],"_links":{"self":[{"href":"https:\/\/sbgames.org\/sbgames2024\/wp-json\/wp\/v2\/pages\/2727","targetHints":{"allow":["GET"]}}],"collection":[{"href":"https:\/\/sbgames.org\/sbgames2024\/wp-json\/wp\/v2\/pages"}],"about":[{"href":"https:\/\/sbgames.org\/sbgames2024\/wp-json\/wp\/v2\/types\/page"}],"author":[{"embeddable":true,"href":"https:\/\/sbgames.org\/sbgames2024\/wp-json\/wp\/v2\/users\/1"}],"replies":[{"embeddable":true,"href":"https:\/\/sbgames.org\/sbgames2024\/wp-json\/wp\/v2\/comments?post=2727"}],"version-history":[{"count":40,"href":"https:\/\/sbgames.org\/sbgames2024\/wp-json\/wp\/v2\/pages\/2727\/revisions"}],"predecessor-version":[{"id":4054,"href":"https:\/\/sbgames.org\/sbgames2024\/wp-json\/wp\/v2\/pages\/2727\/revisions\/4054"}],"wp:attachment":[{"href":"https:\/\/sbgames.org\/sbgames2024\/wp-json\/wp\/v2\/media?parent=2727"}],"curies":[{"name":"wp","href":"https:\/\/api.w.org\/{rel}","templated":true}]}}