{"id":1686,"date":"2024-02-01T18:33:40","date_gmt":"2024-02-01T18:33:40","guid":{"rendered":"https:\/\/sbgames.org\/sbgames2024\/?page_id=1686"},"modified":"2024-09-23T19:45:51","modified_gmt":"2024-09-23T19:45:51","slug":"saude","status":"publish","type":"page","link":"https:\/\/sbgames.org\/sbgames2024\/saude\/","title":{"rendered":"Sa\u00fade"},"content":{"rendered":"\t\t<div data-elementor-type=\"wp-page\" data-elementor-id=\"1686\" class=\"elementor elementor-1686\">\n\t\t\t\t<div class=\"elementor-element elementor-element-8dbda00 e-flex e-con-boxed e-con e-parent\" data-id=\"8dbda00\" data-element_type=\"container\" data-settings=\"{&quot;background_background&quot;:&quot;classic&quot;}\">\n\t\t\t\t\t<div class=\"e-con-inner\">\n\t\t\t\t<div class=\"elementor-element elementor-element-3c28dc2 elementor-widget elementor-widget-heading\" data-id=\"3c28dc2\" data-element_type=\"widget\" data-widget_type=\"heading.default\">\n\t\t\t\t<div class=\"elementor-widget-container\">\n\t\t\t\t\t<h1 class=\"elementor-heading-title elementor-size-default\">Sa\u00fade<\/h1>\t\t\t\t<\/div>\n\t\t\t\t<\/div>\n\t\t\t\t\t<\/div>\n\t\t\t\t<\/div>\n\t\t<div class=\"elementor-element elementor-element-e7e1a6c e-flex e-con-boxed e-con e-parent\" data-id=\"e7e1a6c\" data-element_type=\"container\" data-settings=\"{&quot;background_background&quot;:&quot;classic&quot;}\">\n\t\t\t\t\t<div class=\"e-con-inner\">\n\t\t\t\t<div class=\"elementor-element elementor-element-8414a43 elementor-widget elementor-widget-text-editor\" data-id=\"8414a43\" data-element_type=\"widget\" data-widget_type=\"text-editor.default\">\n\t\t\t\t<div class=\"elementor-widget-container\">\n\t\t\t\t\t\t\t\t\t<ul><li>Submiss\u00e3o<del>\u00a0at\u00e9: 20 de abril de 2024<\/del><\/li><li><del>Submiss\u00e3o at\u00e9: 05 de maio de 2024<\/del><\/li><li><del>Hard deadline: 03 de junho de 2024<\/del><\/li><li><del>Notifica\u00e7\u00e3o de aceite: 22 de julho de 2024<\/del><\/li><\/ul>\t\t\t\t\t\t\t\t<\/div>\n\t\t\t\t<\/div>\n\t\t\t\t\t<\/div>\n\t\t\t\t<\/div>\n\t\t<div class=\"elementor-element elementor-element-aa7ddda e-flex e-con-boxed e-con e-parent\" data-id=\"aa7ddda\" data-element_type=\"container\">\n\t\t\t\t\t<div class=\"e-con-inner\">\n\t\t<div class=\"elementor-element elementor-element-950108b e-flex e-con-boxed e-con e-child\" data-id=\"950108b\" data-element_type=\"container\">\n\t\t\t\t\t<div class=\"e-con-inner\">\n\t\t\t\t<div class=\"elementor-element elementor-element-96622e8 elementor-widget elementor-widget-text-editor\" data-id=\"96622e8\" data-element_type=\"widget\" data-widget_type=\"text-editor.default\">\n\t\t\t\t<div class=\"elementor-widget-container\">\n\t\t\t\t\t\t\t\t\t<h3>Cara comunidade,<\/h3><p>A Trilha de Sa\u00fade do SBGames \u00e9 um espa\u00e7o plural de trocas sobre pesquisa e desenvolvimento na interface entre Jogos e Sa\u00fade, entendida nas suas diversas dimens\u00f5es, como as fisiol\u00f3gicas, psicol\u00f3gicas, sociais, filos\u00f3ficas, coletivas e \u00e9ticas, englobando tanto os jogos digitais quanto os jogos anal\u00f3gicos, como jogos de tabuleiro, cartas, RPG de mesa, escape rooms e live-action \u2014 assim como aqueles que identificamos como \u201cmistos\u201d (jogos de realidade alternada, aumentada, locativos, etc.), entre outros.<\/p><p><strong>A lista n\u00e3o-exaustiva de t\u00f3picos de interesse inclui:<\/strong><\/p><ul><li>Conceito de sa\u00fade nos jogos;<\/li><li>Desenvolvimento e aplica\u00e7\u00e3o de jogos s\u00e9rios sobre sa\u00fade;<\/li><li>\u00c9tica na pesquisa e desenvolvimento de jogos em sa\u00fade;<\/li><li>M\u00e9todos e t\u00e9cnicas para desenvolvimento e\/ou avalia\u00e7\u00e3o de jogos aplicados \u00e0 sa\u00fade;<\/li><li>Jogos anal\u00f3gicos (tabuleiro, cartas, etc) e sa\u00fade;<\/li><li>Jogos como meio de comunica\u00e7\u00e3o em sa\u00fade;<\/li><li>Jogos de entretenimento e sua rela\u00e7\u00e3o com a sa\u00fade;<\/li><li>Jogos e pol\u00edticas de sa\u00fade;<\/li><li>Jogos em pr\u00e1ticas educativas em sa\u00fade;<\/li><li>Jogos no ensino de profissionais em sa\u00fade;<\/li><li>Jogos para promo\u00e7\u00e3o da sa\u00fade e\/ou aplicados em terapias;<\/li><li>Realidade aumentada e virtual aplicada em jogos em sa\u00fade.<\/li><\/ul><p><strong>Publica\u00e7\u00e3o<\/strong><\/p><p>Artigos selecionados e apresentados no evento (Full e Short Papers) receber\u00e3o DOI individual, e ser\u00e3o publicados nos Anais Estendidos dispon\u00edveis no reposit\u00f3rio da SOL-SBC.<\/p><p>Os 3 melhores artigos Completos e 3 melhores artigos Curtos receber\u00e3o distin\u00e7\u00e3o especial no evento.<\/p><p>Os autores dos melhores artigos Completos poder\u00e3o ser convidados a submeter uma vers\u00e3o estendida para uma publica\u00e7\u00e3o especial no Journal of Interactive Systems (JIS). Os manuscritos submetidos a essa publica\u00e7\u00e3o dever\u00e3o se adequar \u00e0s normas exigidas pelas publica\u00e7\u00f5es e passar\u00e3o por um novo processo de avalia\u00e7\u00e3o por pares antes de serem aceitos.<\/p><p>D\u00favidas quanto \u00e0 classifica\u00e7\u00e3o do seu trabalho em alguma trilha podem ser resolvidas os respectivos coordenadores de trilhas (chairs). De qualquer maneira, a adequa\u00e7\u00e3o do seu trabalho \u00e0s trilhas ser\u00e1 avaliada pelos coordenadores, que poder\u00e3o sugerir uma nova classifica\u00e7\u00e3o para sua submiss\u00e3o.<\/p>\t\t\t\t\t\t\t\t<\/div>\n\t\t\t\t<\/div>\n\t\t<div class=\"elementor-element elementor-element-44350c5 e-flex e-con-boxed e-con e-child\" data-id=\"44350c5\" data-element_type=\"container\">\n\t\t\t\t\t<div class=\"e-con-inner\">\n\t\t\t\t<div class=\"elementor-element elementor-element-15b48d5 elementor-widget elementor-widget-button\" data-id=\"15b48d5\" data-element_type=\"widget\" data-widget_type=\"button.default\">\n\t\t\t\t<div class=\"elementor-widget-container\">\n\t\t\t\t\t\t\t\t\t<div class=\"elementor-button-wrapper\">\n\t\t\t\t\t<a class=\"elementor-button elementor-button-link elementor-size-sm\" href=\"https:\/\/docs.google.com\/document\/d\/1Jjd6Kpt40MBHcE9FA-EOkS4O9G24l-cL\/edit\" target=\"_blank\">\n\t\t\t\t\t\t<span class=\"elementor-button-content-wrapper\">\n\t\t\t\t\t\t\t\t\t<span class=\"elementor-button-text\">Manual para autores<\/span>\n\t\t\t\t\t<\/span>\n\t\t\t\t\t<\/a>\n\t\t\t\t<\/div>\n\t\t\t\t\t\t\t\t<\/div>\n\t\t\t\t<\/div>\n\t\t\t\t\t<\/div>\n\t\t\t\t<\/div>\n\t\t<div class=\"elementor-element elementor-element-d544c82 e-flex e-con-boxed e-con e-child\" data-id=\"d544c82\" data-element_type=\"container\" data-settings=\"{&quot;background_background&quot;:&quot;classic&quot;}\">\n\t\t\t\t\t<div class=\"e-con-inner\">\n\t\t\t\t<div class=\"elementor-element elementor-element-b4bf27b elementor-widget elementor-widget-heading\" data-id=\"b4bf27b\" data-element_type=\"widget\" data-widget_type=\"heading.default\">\n\t\t\t\t<div class=\"elementor-widget-container\">\n\t\t\t\t\t<h1 class=\"elementor-heading-title elementor-size-default\">SBGames 2024 <span style=\"font-weight: normal\">Co-Coordenadores<\/span><\/h1>\t\t\t\t<\/div>\n\t\t\t\t<\/div>\n\t\t<div class=\"elementor-element elementor-element-e385c89 e-flex e-con-boxed e-con e-child\" data-id=\"e385c89\" data-element_type=\"container\">\n\t\t\t\t\t<div class=\"e-con-inner\">\n\t\t<div class=\"elementor-element elementor-element-414ea33 e-flex e-con-boxed e-con e-child\" data-id=\"414ea33\" data-element_type=\"container\">\n\t\t\t\t\t<div class=\"e-con-inner\">\n\t\t<div class=\"elementor-element elementor-element-9c75c46 e-flex e-con-boxed e-con e-child\" data-id=\"9c75c46\" data-element_type=\"container\">\n\t\t\t\t\t<div class=\"e-con-inner\">\n\t\t<div class=\"elementor-element elementor-element-4560618 e-flex e-con-boxed e-con e-child\" data-id=\"4560618\" data-element_type=\"container\">\n\t\t\t\t\t<div class=\"e-con-inner\">\n\t\t\t\t<div class=\"elementor-element elementor-element-a8eb2f4 elementor-widget elementor-widget-image\" data-id=\"a8eb2f4\" data-element_type=\"widget\" data-widget_type=\"image.default\">\n\t\t\t\t<div class=\"elementor-widget-container\">\n\t\t\t\t\t\t\t\t\t\t\t\t\t\t\t<img fetchpriority=\"high\" decoding=\"async\" width=\"300\" height=\"286\" src=\"https:\/\/sbgames.org\/sbgames2024\/wp-content\/uploads\/2024\/02\/Tania-300x286.jpg\" class=\"attachment-medium size-medium wp-image-2045\" alt=\"\" srcset=\"https:\/\/sbgames.org\/sbgames2024\/wp-content\/uploads\/2024\/02\/Tania-300x286.jpg 300w, https:\/\/sbgames.org\/sbgames2024\/wp-content\/uploads\/2024\/02\/Tania-1024x975.jpg 1024w, https:\/\/sbgames.org\/sbgames2024\/wp-content\/uploads\/2024\/02\/Tania-768x732.jpg 768w, https:\/\/sbgames.org\/sbgames2024\/wp-content\/uploads\/2024\/02\/Tania.jpg 1181w\" sizes=\"(max-width: 300px) 100vw, 300px\" \/>\t\t\t\t\t\t\t\t\t\t\t\t\t\t\t<\/div>\n\t\t\t\t<\/div>\n\t\t\t\t<div class=\"elementor-element elementor-element-8406561 elementor-widget elementor-widget-heading\" data-id=\"8406561\" data-element_type=\"widget\" data-widget_type=\"heading.default\">\n\t\t\t\t<div class=\"elementor-widget-container\">\n\t\t\t\t\t<h2 class=\"elementor-heading-title elementor-size-default\">T\u00e2nia<span style=\"font-weight: normal\"> Zaverucha do Valle<\/span><\/h2>\t\t\t\t<\/div>\n\t\t\t\t<\/div>\n\t\t\t\t\t<\/div>\n\t\t\t\t<\/div>\n\t\t<div class=\"elementor-element elementor-element-f226732 e-flex e-con-boxed e-con e-child\" data-id=\"f226732\" data-element_type=\"container\">\n\t\t\t\t\t<div class=\"e-con-inner\">\n\t\t\t\t<div class=\"elementor-element elementor-element-7588b9d elementor-widget elementor-widget-image\" data-id=\"7588b9d\" data-element_type=\"widget\" data-widget_type=\"image.default\">\n\t\t\t\t<div class=\"elementor-widget-container\">\n\t\t\t\t\t\t\t\t\t\t\t\t\t\t\t<img decoding=\"async\" width=\"300\" height=\"300\" src=\"https:\/\/sbgames.org\/sbgames2024\/wp-content\/uploads\/2024\/02\/sergio-carvalho.png\" class=\"attachment-medium size-medium wp-image-2046\" alt=\"\" srcset=\"https:\/\/sbgames.org\/sbgames2024\/wp-content\/uploads\/2024\/02\/sergio-carvalho.png 300w, https:\/\/sbgames.org\/sbgames2024\/wp-content\/uploads\/2024\/02\/sergio-carvalho-150x150.png 150w\" sizes=\"(max-width: 300px) 100vw, 300px\" \/>\t\t\t\t\t\t\t\t\t\t\t\t\t\t\t<\/div>\n\t\t\t\t<\/div>\n\t\t\t\t<div class=\"elementor-element elementor-element-96a713f elementor-widget elementor-widget-heading\" data-id=\"96a713f\" data-element_type=\"widget\" data-widget_type=\"heading.default\">\n\t\t\t\t<div class=\"elementor-widget-container\">\n\t\t\t\t\t<h2 class=\"elementor-heading-title elementor-size-default\">Sergio<span style=\"font-weight: normal\"> Teixeira de Carvalho<\/span><\/h2>\t\t\t\t<\/div>\n\t\t\t\t<\/div>\n\t\t\t\t\t<\/div>\n\t\t\t\t<\/div>\n\t\t\t\t\t<\/div>\n\t\t\t\t<\/div>\n\t\t\t\t\t<\/div>\n\t\t\t\t<\/div>\n\t\t\t\t\t<\/div>\n\t\t\t\t<\/div>\n\t\t\t\t\t<\/div>\n\t\t\t\t<\/div>\n\t\t<div class=\"elementor-element elementor-element-e38f15a e-flex e-con-boxed e-con e-child\" data-id=\"e38f15a\" data-element_type=\"container\" data-settings=\"{&quot;background_background&quot;:&quot;classic&quot;}\">\n\t\t\t\t\t<div class=\"e-con-inner\">\n\t\t\t\t<div class=\"elementor-element elementor-element-7a3bf9a elementor-widget elementor-widget-heading\" data-id=\"7a3bf9a\" data-element_type=\"widget\" data-widget_type=\"heading.default\">\n\t\t\t\t<div class=\"elementor-widget-container\">\n\t\t\t\t\t<h1 class=\"elementor-heading-title elementor-size-default\">SBGames 2024 <span style=\"font-weight: normal\">Co-Coordenadores<\/span><\/h1>\t\t\t\t<\/div>\n\t\t\t\t<\/div>\n\t\t<div class=\"elementor-element elementor-element-a3c0347 e-flex e-con-boxed e-con e-child\" data-id=\"a3c0347\" data-element_type=\"container\">\n\t\t\t\t\t<div class=\"e-con-inner\">\n\t\t\t\t<div class=\"elementor-element elementor-element-62be57c elementor-widget elementor-widget-text-editor\" data-id=\"62be57c\" data-element_type=\"widget\" data-widget_type=\"text-editor.default\">\n\t\t\t\t<div class=\"elementor-widget-container\">\n\t\t\t\t\t\t\t\t\t<ul><li>Alessandra Macedo(USP)<\/li><li>Alexandre Sztajnberg(Universidade do Estado do Rio de Janeiro)<\/li><li>Ana Grasielle Dion\u00edsio Corr\u00eaa(Universidade Presbiteriana Mackenzie)<\/li><li>Bruno da Silva Rodrigues(Universidade Presbiteriana Mackenzie)<\/li><li>Carine Webber(Universidade de Caxias do Sul)<\/li><li>Carlos Henrique Rorato Souza(Universidade Federal de Goi\u00e1s)<\/li><li>Celso Saibel Santos(UFES)<\/li><li>Claudio Rodrigues(Fiocruz)<\/li><li>Cynthia Dias(Escola Polit\u00e9cnica de Sa\u00fade Joaquim Ven\u00e2ncio &#8211; Funda\u00e7\u00e3o Oswaldo Cruz)<\/li><li>Debora Muchaluat-Saade(UFF)<\/li><li>Edson da Silva(Universidade Federal dos Vales do Jequitinhonha e Mucuri)<\/li><li>Eduardo Damasceno(Universidade Tecnol\u00f3gica Federal do Paran\u00e1)<\/li><li>Eduardo Caio Torres-Santos(Instituto Oswaldo Cruz, Fiocruz)<\/li><li>Fernando Lu\u00eds de Queiroz Carvalho(Universidade do Estado da Bahia)<\/li><li>Fl\u00e1via Carvalho(Funda\u00e7\u00e3o Oswaldo Cruz (Fiocruz))<\/li><li>Gilson Giraldi(National Laboratory for Scientific Computing)<\/li><li>Helio Guardia(Universidade Federal de S\u00e3o Carlos)<\/li><li>Humberto Razente(Universidade Federal de Uberlandia)<\/li><li>Iwens Sene Jr(Universidade Federal de Goais)<\/li><li>Joao Paulo Gois(Universidade Federal do ABC)<\/li><li>Joaquim Felipe(University of S\u00e3o Paulo)<\/li><li>Juliana Feitosa(UNESP &#8211; Bauru)<\/li><li>Julio Sara\u00e7ol Domingues J\u00fanior(Universidade Federal Pampa (UNIPAMPA))<\/li><li>Leandro Silva(Universidade Federal de Alagoas)<\/li><li>Leila Silva(Universidade Federal de Sergipe)<\/li><li>Liliane Machado(Universidade Federal da Para\u00edba)<\/li><li>Luciana Berretta(Universidade Federal de Goi\u00e1s)<\/li><li>Luciano Romero Soares de Lima(Rede Sarah de Hospitais de Reabilita\u00e7\u00e3o)<\/li><li>Luma Oliveira(Universidade Federal de Goi\u00e1s)<\/li><li>Marcelo Honda(Universidade Estadual de Santa Cruz)<\/li><li>Marcelo Vasconcellos(Oswaldo Cruz Foundation (Fiocruz))<\/li><li>Marcelo da Silva Hounsell(UDESC &#8211; Universidade do Estado de Santa Catarina)<\/li><li>Marcia Ito(PPG-GTSP &#8211; CEETEPS)<\/li><li>Marcos Seruffo(UFPA &#8211; Universidade Federal do Para)<\/li><li>Maria Camila Nardini Barioni(UFU)<\/li><li>Marly Guimar\u00e3es Costa(Universidade Federal do Amazonas &#8211; UFAM)<\/li><li>Paula Abreu(UFRJ)<\/li><li>Paulo Ambr\u00f3sio(Universidade Estadual de Santa Cruz)<\/li><li>Paulo de Azevedo-Marques(University of Sao Paulo &#8211; USP)<\/li><li>Ricardo Nakamura(Escola Polit\u00e9cnica &#8211; USP)<\/li><li>Rodrigo Luis de Souza da Silva(Universidade Federal de Juiz de Fora)<\/li><li>Romero MOURA J\u00daNIOR(Instituto Federal de Educa\u00e7\u00e3o Ci\u00eancia e Tecnologia Baiano)<\/li><li>Rosa Maria E. Moreira Costa(Universidade do Estado do Rio de Janeiro)<\/li><li>S\u00edlvio Cazella(UFCSPA)<\/li><li>Selan dos Santos(Universidade Federal do Rio Grande do Norte)<\/li><li>Suiane Ferreira(Universidade do Estado da Bahia)<\/li><li>Tadeu Moreira de Classe(Universidade Federal do Estado do Rio de Janeiro)<\/li><li>Vania Vargas(Universidade de S\u00e3o Paulo)<\/li><li>Vera Werneck(Universidade do Estado do Rio de Janeiro)<\/li><li>Victor Sarinho(Universidade Estadual de Feira de Santana)<\/li><li>Vinicius Tragante(deCODE genetics\/Amgen Inc.)<\/li><li>Wellington Pinheiro dos Santos(Universidade Federal de Pernambuco)<\/li><\/ul>\t\t\t\t\t\t\t\t<\/div>\n\t\t\t\t<\/div>\n\t\t\t\t\t<\/div>\n\t\t\t\t<\/div>\n\t\t\t\t\t<\/div>\n\t\t\t\t<\/div>\n\t\t\t\t\t<\/div>\n\t\t\t\t<\/div>\n\t\t<div class=\"elementor-element elementor-element-faf787b e-con-full e-flex e-con e-child\" data-id=\"faf787b\" data-element_type=\"container\">\n\t\t<div class=\"elementor-element elementor-element-52eeb7d e-flex e-con-boxed e-con e-child\" data-id=\"52eeb7d\" data-element_type=\"container\">\n\t\t\t\t\t<div class=\"e-con-inner\">\n\t\t<div class=\"elementor-element elementor-element-fa3d369 e-flex e-con-boxed e-con e-child\" data-id=\"fa3d369\" data-element_type=\"container\" data-settings=\"{&quot;background_background&quot;:&quot;classic&quot;}\">\n\t\t\t\t\t<div class=\"e-con-inner\">\n\t\t\t\t<div class=\"elementor-element elementor-element-106179c elementor-widget elementor-widget-button\" data-id=\"106179c\" data-element_type=\"widget\" data-widget_type=\"button.default\">\n\t\t\t\t<div class=\"elementor-widget-container\">\n\t\t\t\t\t\t\t\t\t<div class=\"elementor-button-wrapper\">\n\t\t\t\t\t<a class=\"elementor-button elementor-button-link elementor-size-sm\" href=\"https:\/\/docs.google.com\/document\/d\/1Jjd6Kpt40MBHcE9FA-EOkS4O9G24l-cL\/edit\">\n\t\t\t\t\t\t<span class=\"elementor-button-content-wrapper\">\n\t\t\t\t\t\t\t\t\t<span class=\"elementor-button-text\">Manual para autores<\/span>\n\t\t\t\t\t<\/span>\n\t\t\t\t\t<\/a>\n\t\t\t\t<\/div>\n\t\t\t\t\t\t\t\t<\/div>\n\t\t\t\t<\/div>\n\t\t\t\t\t<\/div>\n\t\t\t\t<\/div>\n\t\t<div class=\"elementor-element elementor-element-9ec8529 e-flex e-con-boxed e-con e-child\" data-id=\"9ec8529\" data-element_type=\"container\" data-settings=\"{&quot;background_background&quot;:&quot;classic&quot;}\">\n\t\t\t\t\t<div class=\"e-con-inner\">\n\t\t\t\t<div class=\"elementor-element elementor-element-74dc101 elementor-widget elementor-widget-button\" data-id=\"74dc101\" data-element_type=\"widget\" data-widget_type=\"button.default\">\n\t\t\t\t<div class=\"elementor-widget-container\">\n\t\t\t\t\t\t\t\t\t<div class=\"elementor-button-wrapper\">\n\t\t\t\t\t<a class=\"elementor-button elementor-button-link elementor-size-sm\" href=\"#\">\n\t\t\t\t\t\t<span class=\"elementor-button-content-wrapper\">\n\t\t\t\t\t\t\t\t\t<span class=\"elementor-button-text\">REVISORES<\/span>\n\t\t\t\t\t<\/span>\n\t\t\t\t\t<\/a>\n\t\t\t\t<\/div>\n\t\t\t\t\t\t\t\t<\/div>\n\t\t\t\t<\/div>\n\t\t\t\t\t<\/div>\n\t\t\t\t<\/div>\n\t\t<div class=\"elementor-element elementor-element-15a90d5 e-flex e-con-boxed e-con e-child\" data-id=\"15a90d5\" data-element_type=\"container\" data-settings=\"{&quot;background_background&quot;:&quot;classic&quot;}\">\n\t\t\t\t\t<div class=\"e-con-inner\">\n\t\t\t\t<div class=\"elementor-element elementor-element-d67b161 elementor-widget elementor-widget-button\" data-id=\"d67b161\" data-element_type=\"widget\" data-widget_type=\"button.default\">\n\t\t\t\t<div class=\"elementor-widget-container\">\n\t\t\t\t\t\t\t\t\t<div class=\"elementor-button-wrapper\">\n\t\t\t\t\t<a class=\"elementor-button elementor-button-link elementor-size-sm\" href=\"#\">\n\t\t\t\t\t\t<span class=\"elementor-button-content-wrapper\">\n\t\t\t\t\t\t\t\t\t<span class=\"elementor-button-text\">BEST PAPERS<\/span>\n\t\t\t\t\t<\/span>\n\t\t\t\t\t<\/a>\n\t\t\t\t<\/div>\n\t\t\t\t\t\t\t\t<\/div>\n\t\t\t\t<\/div>\n\t\t\t\t\t<\/div>\n\t\t\t\t<\/div>\n\t\t<div class=\"elementor-element elementor-element-f3a76f8 e-flex e-con-boxed e-con e-child\" data-id=\"f3a76f8\" data-element_type=\"container\" data-settings=\"{&quot;background_background&quot;:&quot;classic&quot;}\">\n\t\t\t\t\t<div class=\"e-con-inner\">\n\t\t\t\t<div class=\"elementor-element elementor-element-ac9784d elementor-align-center elementor-widget elementor-widget-button\" data-id=\"ac9784d\" data-element_type=\"widget\" data-widget_type=\"button.default\">\n\t\t\t\t<div class=\"elementor-widget-container\">\n\t\t\t\t\t\t\t\t\t<div class=\"elementor-button-wrapper\">\n\t\t\t\t\t<a class=\"elementor-button elementor-button-link elementor-size-sm\" href=\"https:\/\/jems.sbc.org.br\/home.cgi?c=4553\" target=\"_blank\">\n\t\t\t\t\t\t<span class=\"elementor-button-content-wrapper\">\n\t\t\t\t\t\t\t\t\t<span class=\"elementor-button-text\">SUBMETER<\/span>\n\t\t\t\t\t<\/span>\n\t\t\t\t\t<\/a>\n\t\t\t\t<\/div>\n\t\t\t\t\t\t\t\t<\/div>\n\t\t\t\t<\/div>\n\t\t\t\t\t<\/div>\n\t\t\t\t<\/div>\n\t\t\t\t\t<\/div>\n\t\t\t\t<\/div>\n\t\t\t\t<\/div>\n\t\t\t\t\t<\/div>\n\t\t\t\t<\/div>\n\t\t\t\t<\/div>\n\t\t","protected":false},"excerpt":{"rendered":"<p>Sa\u00fade Submiss\u00e3o\u00a0at\u00e9: 20 de abril de 2024 Submiss\u00e3o at\u00e9: 05 de maio de 2024 Hard deadline: 03 de junho de 2024 Notifica\u00e7\u00e3o de aceite: 22 de julho de 2024 Cara comunidade, A Trilha de Sa\u00fade do SBGames \u00e9 um espa\u00e7o plural de trocas sobre pesquisa e desenvolvimento na interface entre Jogos e Sa\u00fade, entendida nas [&hellip;]<\/p>\n","protected":false},"author":1,"featured_media":0,"parent":0,"menu_order":0,"comment_status":"closed","ping_status":"closed","template":"","meta":{"site-sidebar-layout":"no-sidebar","site-content-layout":"page-builder","ast-site-content-layout":"full-width-container","site-content-style":"default","site-sidebar-style":"default","ast-global-header-display":"","ast-banner-title-visibility":"","ast-main-header-display":"","ast-hfb-above-header-display":"","ast-hfb-below-header-display":"","ast-hfb-mobile-header-display":"","site-post-title":"disabled","ast-breadcrumbs-content":"","ast-featured-img":"disabled","footer-sml-layout":"","theme-transparent-header-meta":"","adv-header-id-meta":"","stick-header-meta":"","header-above-stick-meta":"","header-main-stick-meta":"","header-below-stick-meta":"","astra-migrate-meta-layouts":"set","ast-page-background-enabled":"default","ast-page-background-meta":{"desktop":{"background-color":"","background-image":"","background-repeat":"repeat","background-position":"center center","background-size":"auto","background-attachment":"scroll","background-type":"","background-media":"","overlay-type":"","overlay-color":"","overlay-gradient":""},"tablet":{"background-color":"","background-image":"","background-repeat":"repeat","background-position":"center center","background-size":"auto","background-attachment":"scroll","background-type":"","background-media":"","overlay-type":"","overlay-color":"","overlay-gradient":""},"mobile":{"background-color":"","background-image":"","background-repeat":"repeat","background-position":"center center","background-size":"auto","background-attachment":"scroll","background-type":"","background-media":"","overlay-type":"","overlay-color":"","overlay-gradient":""}},"ast-content-background-meta":{"desktop":{"background-color":"var(--ast-global-color-5)","background-image":"","background-repeat":"repeat","background-position":"center center","background-size":"auto","background-attachment":"scroll","background-type":"","background-media":"","overlay-type":"","overlay-color":"","overlay-gradient":""},"tablet":{"background-color":"var(--ast-global-color-5)","background-image":"","background-repeat":"repeat","background-position":"center center","background-size":"auto","background-attachment":"scroll","background-type":"","background-media":"","overlay-type":"","overlay-color":"","overlay-gradient":""},"mobile":{"background-color":"var(--ast-global-color-5)","background-image":"","background-repeat":"repeat","background-position":"center center","background-size":"auto","background-attachment":"scroll","background-type":"","background-media":"","overlay-type":"","overlay-color":"","overlay-gradient":""}},"footnotes":""},"class_list":["post-1686","page","type-page","status-publish","hentry"],"_links":{"self":[{"href":"https:\/\/sbgames.org\/sbgames2024\/wp-json\/wp\/v2\/pages\/1686","targetHints":{"allow":["GET"]}}],"collection":[{"href":"https:\/\/sbgames.org\/sbgames2024\/wp-json\/wp\/v2\/pages"}],"about":[{"href":"https:\/\/sbgames.org\/sbgames2024\/wp-json\/wp\/v2\/types\/page"}],"author":[{"embeddable":true,"href":"https:\/\/sbgames.org\/sbgames2024\/wp-json\/wp\/v2\/users\/1"}],"replies":[{"embeddable":true,"href":"https:\/\/sbgames.org\/sbgames2024\/wp-json\/wp\/v2\/comments?post=1686"}],"version-history":[{"count":80,"href":"https:\/\/sbgames.org\/sbgames2024\/wp-json\/wp\/v2\/pages\/1686\/revisions"}],"predecessor-version":[{"id":3927,"href":"https:\/\/sbgames.org\/sbgames2024\/wp-json\/wp\/v2\/pages\/1686\/revisions\/3927"}],"wp:attachment":[{"href":"https:\/\/sbgames.org\/sbgames2024\/wp-json\/wp\/v2\/media?parent=1686"}],"curies":[{"name":"wp","href":"https:\/\/api.w.org\/{rel}","templated":true}]}}